{"id":354,"date":"2016-07-26T05:29:31","date_gmt":"2016-07-26T05:29:31","guid":{"rendered":"http:\/\/ceak.own.com.br\/cavi\/?page_id=354"},"modified":"2021-03-16T00:30:31","modified_gmt":"2021-03-16T00:30:31","slug":"gestantes","status":"publish","type":"page","link":"https:\/\/ceak.org.br\/cavi\/gestantes\/","title":{"rendered":"Gestantes"},"content":{"rendered":"[vc_row][vc_column][vc_empty_space][vc_separator][\/vc_column][\/vc_row][vc_row][vc_column][vc_column_text]\n<h1>Gestantes<\/h1>\n[\/vc_column_text][\/vc_column][\/vc_row][vc_row][vc_column width=&#8221;1\/2&#8243;][vc_column_text css_animation=&#8221;none&#8221;]A <strong>miss\u00e3o da CAVI<\/strong> \u00e9\u00a0ser refer\u00eancia no acolhimento, apoio e orienta\u00e7\u00e3o \u00e0s gestantes em situa\u00e7\u00e3o de vulnerabilidade e risco social, propiciando-lhes a\u00e7\u00f5es preventivas e protetivas de seus direitos fundamentais, al\u00e9m de capacit\u00e1-las para o mercado de trabalho.<\/p>\n<p>Al\u00e9m das oficinas que auxiliam as mam\u00e3es da gesta\u00e7\u00e3o ao parto, <strong>Cuidar de quem Cuida<\/strong>, faz parte do programa para gestantes da CAVI as oficinas profissionalizantes\u00a0<strong>kit festa: Fa\u00e7a \u00e9 F\u00e1cil e de Beleza (manicure, cabelo e design de sobrancelha)<\/strong>. O objetivo \u00e9 promover uma qualifica\u00e7\u00e3o extra para que essas futuras mam\u00e3es possam complementar seus rendimentos ap\u00f3s a sa\u00edda da Casa. Todos as oficinas s\u00e3o gratuitas.<\/p>\n<p>Por tudo isso, a CAVI tem como\u00a0vis\u00e3o um trabalho s\u00e9rio e respons\u00e1vel exercido com amor, na forma plena do acolhimento, transforma vidas e contribui para a forma\u00e7\u00e3o de uma sociedade mais consciente, justa e solid\u00e1ria.[\/vc_column_text][\/vc_column][vc_column width=&#8221;1\/2&#8243;][vc_single_image image=&#8221;372&#8243; img_size=&#8221;full&#8221; alignment=&#8221;right&#8221; style=&#8221;vc_box_shadow_3d&#8221; css_animation=&#8221;none&#8221;][\/vc_column][\/vc_row][vc_row][vc_column][vc_separator][\/vc_column][\/vc_row][vc_row][vc_column][vc_gallery type=&#8221;image_grid&#8221; images=&#8221;369,368,367,366,365,364,363,362,361,360,359,358,357,356,355&#8243;][\/vc_column][\/vc_row]\n","protected":false},"excerpt":{"rendered":"[vc_row][vc_column][vc_empty_space][vc_separator][\/vc_column][\/vc_row][vc_row][vc_column][vc_column_text] Gestantes [\/vc_column_text][\/vc_column][\/vc_row][vc_row][vc_column width=&#8221;1\/2&#8243;][vc_column_text css_animation=&#8221;none&#8221;]A miss\u00e3o da CAVI \u00e9\u00a0ser refer\u00eancia no acolhimento, apoio e orienta\u00e7\u00e3o \u00e0s gestantes em situa\u00e7\u00e3o de vulnerabilidade e risco social, propiciando-lhes a\u00e7\u00f5es preventivas e protetivas de seus direitos fundamentais, al\u00e9m de capacit\u00e1-las para o mercado de trabalho. Al\u00e9m das oficinas que auxiliam as mam\u00e3es da gesta\u00e7\u00e3o ao parto, Cuidar de quem [&hellip;]\n","protected":false},"author":1,"featured_media":13,"parent":0,"menu_order":0,"comment_status":"closed","ping_status":"open","template":"page-blank-container.php","meta":[],"_links":{"self":[{"href":"https:\/\/ceak.org.br\/cavi\/wp-json\/wp\/v2\/pages\/354"}],"collection":[{"href":"https:\/\/ceak.org.br\/cavi\/wp-json\/wp\/v2\/pages"}],"about":[{"href":"https:\/\/ceak.org.br\/cavi\/wp-json\/wp\/v2\/types\/page"}],"author":[{"embeddable":true,"href":"https:\/\/ceak.org.br\/cavi\/wp-json\/wp\/v2\/users\/1"}],"replies":[{"embeddable":true,"href":"https:\/\/ceak.org.br\/cavi\/wp-json\/wp\/v2\/comments?post=354"}],"version-history":[{"count":14,"href":"https:\/\/ceak.org.br\/cavi\/wp-json\/wp\/v2\/pages\/354\/revisions"}],"predecessor-version":[{"id":1276,"href":"https:\/\/ceak.org.br\/cavi\/wp-json\/wp\/v2\/pages\/354\/revisions\/1276"}],"wp:featuredmedia":[{"embeddable":true,"href":"https:\/\/ceak.org.br\/cavi\/wp-json\/wp\/v2\/media\/13"}],"wp:attachment":[{"href":"https:\/\/ceak.org.br\/cavi\/wp-json\/wp\/v2\/media?parent=354"}],"curies":[{"name":"wp","href":"https:\/\/api.w.org\/{rel}","templated":true}]}}

[vc_row][vc_column][vc_empty_space][vc_separator][/vc_column][/vc_row][vc_row][vc_column][vc_column_text]
<h1>Gestantes</h1>
[/vc_column_text][/vc_column][/vc_row][vc_row][vc_column width=&#8221;1/2&#8243;][vc_column_text css_animation=&#8221;none&#8221;]A <strong>missão da CAVI</strong> é ser referência no acolhimento, apoio e orientação às gestantes em situação de vulnerabilidade e risco social, propiciando-lhes ações preventivas e protetivas de seus direitos fundamentais, além de capacitá-las para o mercado de trabalho.</p>
<p>Além das oficinas que auxiliam as mamães da gestação ao parto, <strong>Cuidar de quem Cuida</strong>, faz parte do programa para gestantes da CAVI as oficinas profissionalizantes <strong>kit festa: Faça é Fácil e de Beleza (manicure, cabelo e design de sobrancelha)</strong>. O objetivo é promover uma qualificação extra para que essas futuras mamães possam complementar seus rendimentos após a saída da Casa. Todos as oficinas são gratuitas.</p>
<p>Por tudo isso, a CAVI tem como visão um trabalho sério e responsável exercido com amor, na forma plena do acolhimento, transforma vidas e contribui para a formação de uma sociedade mais consciente, justa e solidária.[/vc_column_text][/vc_column][vc_column width=&#8221;1/2&#8243;][vc_single_image image=&#8221;372&#8243; img_size=&#8221;full&#8221; alignment=&#8221;right&#8221; style=&#8221;vc_box_shadow_3d&#8221; css_animation=&#8221;none&#8221;][/vc_column][/vc_row][vc_row][vc_column][vc_separator][/vc_column][/vc_row][vc_row][vc_column][vc_gallery type=&#8221;image_grid&#8221; images=&#8221;369,368,367,366,365,364,363,362,361,360,359,358,357,356,355&#8243;][/vc_column][/vc_row]

[vc_row][vc_column][vc_empty_space][vc_separator][/vc_column][/vc_row][vc_row][vc_column][vc_column_text] Gestantes [/vc_column_text][/vc_column][/vc_row][vc_row][vc_column width=&#8221;1/2&#8243;][vc_column_text css_animation=&#8221;none&#8221;]A missão da CAVI é ser referência no acolhimento, apoio e orientação às gestantes em situação de vulnerabilidade e risco social, propiciando-lhes ações preventivas e protetivas de seus direitos fundamentais, além de capacitá-las para o mercado de trabalho. Além das oficinas que auxiliam as mamães da gestação ao parto, Cuidar de quem [&hellip;]
