{"id":21754,"date":"2026-05-05T18:07:47","date_gmt":"2026-05-05T21:07:47","guid":{"rendered":"https:\/\/ceak.org.br\/ceak\/?page_id=21754"},"modified":"2026-05-09T01:00:26","modified_gmt":"2026-05-09T04:00:26","slug":"festival-programacao","status":"publish","type":"page","link":"https:\/\/ceak.org.br\/ceak\/festival-programacao\/","title":{"rendered":"13\u00ba Festival do Livro Esp\u00edrita de Campinas &#8211; Programa\u00e7\u00e3o"},"content":{"rendered":"[vc_row][vc_column][vc_raw_html]JTNDZGl2JTIwc3R5bGUlM0QlMjJwb3NpdGlvbiUzQSUyMHN0aWNreSUzQiUyMHRvcCUzQTAlM0IlMjB3aWR0aCUzQTEwMCUyNSUzQiUyMHotaW5kZXglM0ExMCUzQiUyMCUyMiUzRSUwQSUwQSUzQ2RpdiUyMHN0eWxlJTNEJTIyZGlzcGxheSUzQSUyMGJsb2NrJTNCJTIwcG9zaXRpb24lM0FyZWxhdGl2ZSUzQiUyMGhlaWdodCUzQSUyMDExMHB4JTNCJTIwcGFkZGluZyUzQSUyMDhweCUyMDIwcHglMjAyMHB4JTIwMjBweCUzQiUyMGJhY2tncm91bmQtY29sb3IlM0ElMjAlMjMwMzM4NjYlM0IlMjIlM0UlMEElM0MlMkZkaXYlM0UlMEElM0NkaXYlMjBjbGFzcyUzRCUyMmZlc3RpdmFsLWxvZ28lMjIlMjBzdHlsZSUzRCUyMnBvc2l0aW9uJTNBcmVsYXRpdmUlM0IlMjB0b3AlM0EtMTA1cHglM0IlMjBwYWRkaW5nJTNBJTIwOHB4JTIwMjBweCUyMDIwcHglMjAyMHB4JTNCJTIwei1pbmRleCUzQTQlM0IlMjIlM0UlMjAlMEElMjAlMjAlMjAlMjAlMjAlMjAlM0NhJTIwaHJlZiUzRCUyMmh0dHBzJTNBJTJGJTJGd3d3LmNlYWsub3JnLmJyJTJGZmVzdGl2YWxkb2xpdnJvJTIyJTNFJTNDaW1nJTIwc3JjJTNEJTIyaHR0cHMlM0ElMkYlMkZjZWFrLm9yZy5iciUyRmNlYWslMkZ3cC1jb250ZW50JTJGdXBsb2FkcyUyRjIwMjYlMkYwNCUyRkxvZ28tSG90c2l0ZS5wbmclMjIlMjB3aWR0aCUzRCUyMjIwMHB4JTIyJTIwYWxpZ24lM0RsZWZ0JTNFJTNDJTJGYSUzRSUwQSUyMCUyMCUyMCUzQyUyRmRpdiUzRSUwQSUwQSUwQSUyMCUyMCUyMCUzQ2RpdiUyMGNsYXNzJTNEJTIyZmVzdGl2YWwtaW5mby10b3BvJTIyJTIwc3R5bGUlM0QlMjJwb3NpdGlvbiUzQXJlbGF0aXZlJTNCJTIwdG9wJTNBJTIwLTkwcHglM0IlMjBsZWZ0JTNBMTVweCUzQiUyMHotaW5kZXglM0E0JTNCJTIyJTNFJTBBJTIwJTIwJTIwJTIwJTIwJTIwJTIwJTNDUCUyMHN0eWxlJTNEJTIyY29sb3IlM0ElMjNkZmU3ZWYlM0IlMjBmb250LXNpemUlM0ExNnB4JTNCJTIwJTIyJTNFJTBBJTIwJTIwJTIwJTIwJTIwJTIwJTIwJTIwJTIwJTIwMTglMjBkZSUyMEp1bGhvJTIwZGUlMjAyMDI2JTIwJTNDJTJGYnIlM0UlMEElMjAlMjAlMjAlMjAlMjAlMjAlMjAlMjAlMjAlMjBTJUMzJUExYmFkbyUyQyUyMGRhcyUyMDloJTIwJUMzJUEwcyUyMDE4aCUzQyUyRmJyJTIwJTJGJTNFJTBBJTIwJTIwJTIwJTIwJTIwJTIwJTIwJTNDJTJGUCUzRSUwQSUyMCUyMCUyMCUzQyUyRmRpdiUzRSUwQSUzQyUyRmRpdiUzRSUwQSUyMCUyMCUyMCUzQ2RpdiUzRSUwQSUyMCUyMCUyMCUyMCUyMCUyMCUzQ2RpdiUyMHN0eWxlJTNEJTIycG9zaXRpb24lM0FyZWxhdGl2ZSUzQiUyMHRvcCUzQSUyMC0xMzZweCUzQiUyMCUyMGZvbnQtc2l6ZSUzQSUyMDE0cHglM0IlMjBmb250LXdlaWdodCUzQWJvbGQlM0IlMjB6LWluZGV4JTNBMTAlM0IlMjIlMjBhbGlnbiUzRCUyMnJpZ2h0JTIyJTNFJTBBJTIwJTIwJTIwJTIwJTIwJTIwJTIwJTIwJTIwJTNDbmF2JTIwY2xhc3MlM0QlMjJmZXN0aXZhbC1uYXYtZGVza3RvcCUyMiUyMHN0eWxlJTNEJTIyZGlzcGxheSUzQSUyMGZsZXglM0IlMjBnYXAlM0EzMHB4JTNCJTIwanVzdGlmeS1jb250ZW50JTNBJTIwZmxleC1lbmQlM0IlMjIlM0UlMEElMjAlMjAlMjAlMjAlMjAlMjAlMjAlMjAlMjAlMjAlMjAlMjAlM0NhJTIwc3R5bGUlM0QlMjJjb2xvciUzQSUyMHdoaXRlJTNCJTIwdGV4dC10cmFuc2Zvcm0lM0ElMjB1cHBlcmNhc2UlM0IlMjIlMjBocmVmJTNEJTIyaHR0cHMlM0ElMkYlMkZ3d3cuY2Vhay5vcmcuYnIlMkZmZXN0aXZhbGRvbGl2cm8lMjIlM0VIb21lJTNDJTJGYSUzRSUwQSUyMCUyMCUyMCUyMCUyMCUyMCUyMCUyMCUyMCUyMCUyMCUyMCUzQ2ElMjBzdHlsZSUzRCUyMmNvbG9yJTNBJTIwd2hpdGUlM0IlMjB0ZXh0LXRyYW5zZm9ybSUzQSUyMHVwcGVyY2FzZSUzQiUyMiUyMGhyZWYlM0QlMjJodHRwcyUzQSUyRiUyRnd3dy5jZWFrLm9yZy5iciUyRmNlYWslMkZmZXN0aXZhbC1wcm9ncmFtYWNhbyUyRiUyMiUzRVByb2dyYW1hJUMzJUE3JUMzJUEzbyUzQyUyRmElM0UlMEElMjAlMjAlMjAlMjAlMjAlMjAlMjAlMjAlMjAlMjAlMjAlMjAlM0NhJTIwc3R5bGUlM0QlMjJjb2xvciUzQSUyMHdoaXRlJTNCJTIwdGV4dC10cmFuc2Zvcm0lM0ElMjB1cHBlcmNhc2UlM0IlMjIlMjBocmVmJTNEJTIyaHR0cHMlM0ElMkYlMkZ3d3cuY2Vhay5vcmcuYnIlMkZjZWFrJTJGZmVzdGl2YWwtc29icmUlMkYlMjIlM0VTb2JyZSUyMG8lMjBGZXN0aXZhbCUzQyUyRmElM0UlMEElMjAlMjAlMjAlMjAlMjAlMjAlMjAlMjAlMjAlM0MlMkZuYXYlM0UlMEElMjAlMjAlMjAlMjAlMjAlMjAlMjAlMjAlMjAlM0NuYXYlMjBjbGFzcyUzRCUyMmZlc3RpdmFsLW5hdi1tb2JpbGUlMjIlMjBzdHlsZSUzRCUyMnRleHQtYWxpZ24lM0FjZW50ZXIlM0IlMjIlM0UlMEElMjAlMjAlMjAlMjAlMjAlMjAlMjAlMjAlMjAlMjAlMjAlMjAlM0NhJTIwaHJlZiUzRCUyMmh0dHBzJTNBJTJGJTJGd3d3LmNlYWsub3JnLmJyJTJGZmVzdGl2YWxkb2xpdnJvJTIyJTNFSG9tZSUzQyUyRmElM0UlMEElMjAlMjAlMjAlMjAlMjAlMjAlMjAlMjAlMjAlMjAlMjAlMjAlM0NhJTIwaHJlZiUzRCUyMmh0dHBzJTNBJTJGJTJGd3d3LmNlYWsub3JnLmJyJTJGY2VhayUyRmZlc3RpdmFsLXByb2dyYW1hY2FvJTJGJTIyJTNFUHJvZ3JhbWElQzMlQTclQzMlQTNvJTNDJTJGYSUzRSUwQSUyMCUyMCUyMCUyMCUyMCUyMCUyMCUyMCUyMCUyMCUyMCUyMCUzQ2ElMjBocmVmJTNEJTIyaHR0cHMlM0ElMkYlMkZ3d3cuY2Vhay5vcmcuYnIlMkZjZWFrJTJGZmVzdGl2YWwtc29icmUlMkYlMjIlM0VTb2JyZSUyMG8lMjBGZXN0aXZhbCUzQyUyRmElM0UlMEElMjAlMjAlMjAlMjAlMjAlMjAlMjAlMjAlMjAlM0MlMkZuYXYlM0UlMEElMjAlMjAlMjAlMjAlMjAlMjAlM0MlMkZkaXYlM0UlMEElMjAlMjAlMjAlM0MlMkZkaXYlM0UlMEElMjAlMjAlMjAlM0NidXR0b24lMjBjbGFzcyUzRCUyMmZlc3RpdmFsLW1lbnUtdG9nZ2xlJTIyJTNFJUUyJTk4JUIwJTNDJTJGYnV0dG9uJTNFJTBBJTNDJTJGZGl2JTNFJTBB[\/vc_raw_html][\/vc_column][\/vc_row][vc_row][vc_column][vc_column_text css=&#8221;.vc_custom_1778253792612{margin-top: -203px !important;}&#8221;]\n<div class=\"festival-titulo\" style=\"display: block; height: 110px; margin: 0 auto; top: -189px; padding-top: 35px; background-color: #dfe7ef; border-bottom: 3px dashed #a2a378;\">\n<p class=\"festival-titulo-texto\" style=\"vertical-align: text-bottom; text-align: center; font-size: 28px; font-style: bold !important; font-family: Recoleta,Times,serif !important; color: #033866;\"><strong>Programa\u00e7\u00e3o<\/strong><\/p>\n<\/div>\n[\/vc_column_text][\/vc_column][\/vc_row][vc_row css=&#8221;.vc_custom_1778297616218{margin-top: -35px !important;padding-right: 30px !important;padding-left: 30px !important;}&#8221;][vc_column width=&#8221;1\/12&#8243;][\/vc_column][vc_column width=&#8221;5\/6&#8243;][vc_column_text]Confira a programa\u00e7\u00e3o do evento abaixo. Teremos palestras, rodas de conversa e muito mais. Acompanhe![\/vc_column_text][\/vc_column][vc_column width=&#8221;1\/12&#8243;][\/vc_column][\/vc_row][vc_row][vc_column][vc_separator style=&#8221;shadow&#8221;][\/vc_column][\/vc_row][vc_row][vc_column width=&#8221;1\/12&#8243;][\/vc_column][vc_column width=&#8221;5\/12&#8243;][vc_column_text]\n<div style=\"display: block; position: relative; box-sizing: border-box; background-color: #fffdf4; padding: 8px; margin: 0 auto; width: 90%; height: 160px; border: 1px solid #362484; border-radius: 8px;\">\n<p><img loading=\"lazy\" style=\"position: absolute; top: 0; left: 50%; transform: translate(-50%, -50%);\" src=\"https:\/\/ceak.org.br\/ceak\/wp-content\/uploads\/2026\/05\/icone-horario.png\" width=\"34\" height=\"34\" \/><\/p>\n<p style=\"font-size: 18px; color: #362484; text-align: center; line-height: 13px;\"><strong>9h30 \u00e0s 10h30<\/strong><br \/>\n<span style=\"font-size: 12px; font-style: italic;\">Sal\u00e3o principal<\/span><\/p>\n<p align=\"center\"><span style=\"text-align: center; margin-bottom: 5px; font-size: 20px;\"><strong>A Vida no Mundo Espiritual<\/strong><\/span><br \/>\n<span style=\"color: #808080; font-size: 12px;\">PALESTRA <\/span><\/p>\n<\/div>\n[\/vc_column_text][\/vc_column][vc_column width=&#8221;5\/12&#8243;][vc_column_text]\n<div style=\"display: flex; align-items: flex-start; gap: 20px; box-sizing: border-box; padding: 15px;\">\n<p><img style=\"width: 100%; max-width: 100px; height: auto; border-radius: 10px;\" src=\"https:\/\/ceak.org.br\/ceak\/wp-content\/uploads\/2026\/05\/palestrante-cesar-perri.png\" \/><\/p>\n<div style=\"flex: 1;\">\n<p><strong>Antonio Cesar Perri de Carvalho<\/strong><br \/>\n<span style=\"font-style: italic; font-size: 13px;\">Autor e organizador de mais de 20 livros esp\u00edritas. \u00c9 articulista da \u201cRevista Internacional de Espiritismo\u201d, do \u201cCorreio Fraterno\u201d e de v\u00e1rias revistas digitais. Atualmente \u00e9 membro da Comiss\u00e3o Executiva do Conselho Esp\u00edrita Internacional e integrante do Grupo de Estudos Esp\u00edritas Chico Xavier. Foi fundador de Mocidade e de Centro Esp\u00edrita, dirigente de \u00f3rg\u00e3os da USE e da Federa\u00e7\u00e3o Esp\u00edrita Brasileira.<\/span><\/p>\n<\/div>\n<\/div>\n[\/vc_column_text][\/vc_column][vc_column width=&#8221;1\/12&#8243;][\/vc_column][\/vc_row][vc_row][vc_column width=&#8221;1\/12&#8243;][\/vc_column][vc_column width=&#8221;5\/12&#8243;][vc_column_text]\n<div style=\"display: block; position: relative; box-sizing: border-box; background-color: #fffdf4; padding: 8px; margin: 0 auto; width: 90%; height: 160px; border: 1px solid #362484; border-radius: 8px;\">\n<p><img loading=\"lazy\" style=\"position: absolute; top: 0; left: 50%; transform: translate(-50%, -50%);\" src=\"https:\/\/ceak.org.br\/ceak\/wp-content\/uploads\/2026\/05\/icone-horario.png\" width=\"34\" height=\"34\" \/><\/p>\n<p style=\"font-size: 18px; color: #362484; text-align: center; line-height: 13px;\"><strong>11h \u00e0s 12h<\/strong><br \/>\n<span style=\"font-size: 12px; font-style: italic;\">Sal\u00e3o principal<\/span><\/p>\n<p align=\"center\"><span style=\"text-align: center; margin-bottom: 5px; font-size: 20px;\"><strong>Em Tempos de Crise<\/strong><\/span><br \/>\n<span style=\"color: #808080; font-size: 12px;\">PALESTRA <\/span><\/p>\n<\/div>\n[\/vc_column_text][\/vc_column][vc_column width=&#8221;5\/12&#8243;][vc_column_text]\n<div style=\"display: flex; align-items: flex-start; gap: 20px; box-sizing: border-box; padding: 15px;\">\n<p><img style=\"width: 100%; max-width: 100px; border-radius: 10px;\" src=\"https:\/\/ceak.org.br\/ceak\/wp-content\/uploads\/2026\/05\/palestrante-claudia-gelernter.png\" \/><\/p>\n<div style=\"flex: 1;\">\n<p><strong>Claudia Gelernter<\/strong><br \/>\n<span style=\"font-style: italic; font-size: 13px;\">Em breve, mais informa\u00e7\u00f5es.<\/span><\/p>\n<\/div>\n<\/div>\n[\/vc_column_text][\/vc_column][vc_column width=&#8221;1\/12&#8243;][\/vc_column][\/vc_row][vc_row][vc_column width=&#8221;1\/12&#8243;][\/vc_column][vc_column width=&#8221;5\/12&#8243;][vc_column_text]\n<div style=\"display: block; position: relative; box-sizing: border-box; background-color: #fffdf4; padding: 8px; margin: 0 auto; width: 90%; height: 160px; border: 1px solid #362484; border-radius: 8px;\">\n<p><img loading=\"lazy\" style=\"position: absolute; top: 0; left: 50%; transform: translate(-50%, -50%);\" src=\"https:\/\/ceak.org.br\/ceak\/wp-content\/uploads\/2026\/05\/icone-horario.png\" width=\"34\" height=\"34\" \/><\/p>\n<p style=\"font-size: 18px; color: #362484; text-align: center; line-height: 13px;\"><strong>11h \u00e0s 12h<\/strong><br \/>\n<span style=\"font-size: 12px; font-style: italic;\">Sala 3<\/span><\/p>\n<p align=\"center\"><span style=\"text-align: center; margin-bottom: 5px; font-size: 20px;\"><strong>Fam\u00edlia, Filhos e as Redes Sociais<\/strong><\/span><br \/>\n<span style=\"color: #808080; font-size: 12px;\">RODA DE CONVERSA <\/span><\/p>\n<\/div>\n[\/vc_column_text][\/vc_column][vc_column width=&#8221;5\/12&#8243;][vc_column_text]\n<div style=\"display: flex; align-items: flex-start; gap: 20px; box-sizing: border-box; padding: 15px;\">\n<p><img style=\"width: 100%; max-width: 100px; border-radius: 10px;\" src=\"https:\/\/ceak.org.br\/ceak\/wp-content\/uploads\/2026\/05\/palestrante-aldo-costa.png\" \/><\/p>\n<div style=\"flex: 1;\">\n<p><strong>Aldo Costa<\/strong><br \/>\n<span style=\"font-style: italic; font-size: 13px;\">Em breve, mais informa\u00e7\u00f5es.<\/span><\/p>\n<\/div>\n<\/div>\n[\/vc_column_text][\/vc_column][vc_column width=&#8221;1\/12&#8243;][\/vc_column][\/vc_row][vc_row][vc_column width=&#8221;1\/12&#8243;][\/vc_column][vc_column width=&#8221;5\/12&#8243;][vc_column_text]\n<div style=\"display: block; position: relative; box-sizing: border-box; background-color: #fffdf4; padding: 8px; margin: 0 auto; width: 90%; height: 160px; border: 1px solid #362484; border-radius: 8px;\">\n<p><img loading=\"lazy\" style=\"position: absolute; top: 0; left: 50%; transform: translate(-50%, -50%);\" src=\"https:\/\/ceak.org.br\/ceak\/wp-content\/uploads\/2026\/05\/icone-horario.png\" width=\"34\" height=\"34\" \/><\/p>\n<p style=\"font-size: 18px; color: #362484; text-align: center; line-height: 13px;\"><strong>14h \u00e0s 15h<\/strong><br \/>\n<span style=\"font-size: 12px; font-style: italic;\">Sal\u00e3o Principal<\/span><\/p>\n<p align=\"center\"><span style=\"text-align: center; margin-bottom: 5px; font-size: 20px;\"><strong>Sexualidade e Espiritismo<\/strong><\/span><br \/>\n<span style=\"color: #808080; font-size: 12px;\">PALESTRA<\/span><\/p>\n<\/div>\n[\/vc_column_text][\/vc_column][vc_column width=&#8221;5\/12&#8243;][vc_column_text]\n<div style=\"display: flex; align-items: flex-start; gap: 20px; box-sizing: border-box; padding: 15px;\">\n<p><img style=\"width: 100%; max-width: 100px; border-radius: 10px;\" src=\"https:\/\/ceak.org.br\/ceak\/wp-content\/uploads\/2026\/05\/palestrante-ralmer-rigoletto.png\" \/><\/p>\n<div style=\"flex: 1;\">\n<p><strong>Ralmer Rigoletto<\/strong><br \/>\n<span style=\"font-style: italic; font-size: 13px;\">Em breve, mais informa\u00e7\u00f5es.<\/span><\/p>\n<\/div>\n<\/div>\n[\/vc_column_text][\/vc_column][vc_column width=&#8221;1\/12&#8243;][\/vc_column][\/vc_row][vc_row][vc_column width=&#8221;1\/12&#8243;][\/vc_column][vc_column width=&#8221;5\/12&#8243;][vc_column_text]\n<div style=\"display: block; position: relative; box-sizing: border-box; background-color: #fffdf4; padding: 8px; margin: 0 auto; width: 90%; height: 160px; border: 1px solid #362484; border-radius: 8px;\">\n<p><img loading=\"lazy\" style=\"position: absolute; top: 0; left: 50%; transform: translate(-50%, -50%);\" src=\"https:\/\/ceak.org.br\/ceak\/wp-content\/uploads\/2026\/05\/icone-horario.png\" width=\"34\" height=\"34\" \/><\/p>\n<p style=\"font-size: 18px; color: #362484; text-align: center; line-height: 13px;\"><strong>15h \u00e0s 16h<\/strong><br \/>\n<span style=\"font-size: 12px; font-style: italic;\">Sala 3<\/span><\/p>\n<p align=\"center\"><span style=\"text-align: center; margin-bottom: 5px; font-size: 20px;\"><strong>O Jovem e as suas Buscas<\/strong><\/span><br \/>\n<span style=\"color: #808080; font-size: 12px;\">RODA DE CONVERSA<\/span><\/p>\n<\/div>\n[\/vc_column_text][\/vc_column][vc_column width=&#8221;5\/12&#8243;][vc_column_text]\n<div style=\"display: flex; align-items: flex-start; gap: 20px; box-sizing: border-box; padding: 15px;\">\n<p><img style=\"width: 100%; max-width: 100px; border-radius: 10px;\" src=\"https:\/\/ceak.org.br\/ceak\/wp-content\/uploads\/2026\/05\/palestrante-leonardo-pedrossantti.png\" \/><\/p>\n<div style=\"flex: 1;\">\n<p><strong>Leonardo Pedrossantti e Mocidade CEAK<\/strong><br \/>\n<span style=\"font-style: italic; font-size: 13px;\">Em breve, mais informa\u00e7\u00f5es.<\/span><\/p>\n<\/div>\n<\/div>\n[\/vc_column_text][\/vc_column][vc_column width=&#8221;1\/12&#8243;][\/vc_column][\/vc_row][vc_row][vc_column width=&#8221;1\/12&#8243;][\/vc_column][vc_column width=&#8221;5\/12&#8243;][vc_column_text]\n<div style=\"display: block; position: relative; box-sizing: border-box; background-color: #fffdf4; padding: 8px; margin: 0 auto; width: 90%; height: 160px; border: 1px solid #362484; border-radius: 8px;\">\n<p><img loading=\"lazy\" style=\"position: absolute; top: 0; left: 50%; transform: translate(-50%, -50%);\" src=\"https:\/\/ceak.org.br\/ceak\/wp-content\/uploads\/2026\/05\/icone-horario.png\" width=\"34\" height=\"34\" \/><\/p>\n<p style=\"font-size: 18px; color: #362484; text-align: center; line-height: 13px;\"><strong>15h30 \u00e0s 17h<\/strong><\/p>\n<p align=\"center\"><span style=\"color: #575757;\"><em><span style=\"text-align: center; margin-bottom: 5px; font-size: 20px;\"><strong>Tema ser\u00e1 disponibilizado em breve<\/strong><\/span><\/em><\/span><br \/>\n<span style=\"color: #808080; font-size: 12px;\">PINGA FOGO<\/span><\/p>\n<\/div>\n[\/vc_column_text][\/vc_column][vc_column width=&#8221;5\/12&#8243;][vc_column_text]\n<div style=\"box-sizing: border-box; text-align: left; padding: 15px;\">\n<p><img style=\"width: 100%; max-width: 100px; border-radius: 10px; padding: 5px;\" src=\"https:\/\/ceak.org.br\/ceak\/wp-content\/uploads\/2026\/05\/palestrante-humberto-schubert.png\" \/><img style=\"width: 100%; max-width: 100px; border-radius: 10px; padding: 5px;\" src=\"https:\/\/ceak.org.br\/ceak\/wp-content\/uploads\/2026\/05\/palestrante-alexandre-fonseca.png\" \/><img style=\"width: 100%; max-width: 100px; border-radius: 10px; padding: 5px;\" src=\"https:\/\/ceak.org.br\/ceak\/wp-content\/uploads\/2026\/05\/palestrante-marco-milani.png\" \/><\/p>\n<p><strong>Humberto Schubert Coelho, Alexandre Fontes da Fonseca e Marco Milani<\/strong><br \/>\n<span style=\"font-style: italic; font-size: 13px;\">Mediador: Alcides Bianchi<br \/>\n<\/span><\/p>\n<\/div>\n[\/vc_column_text][\/vc_column][vc_column width=&#8221;1\/12&#8243;][\/vc_column][\/vc_row][vc_row css=&#8221;.vc_custom_1778296440016{padding-left: 25px !important;background-color: #033866 !important;}&#8221;][vc_column width=&#8221;1\/12&#8243;][\/vc_column][vc_column width=&#8221;1\/2&#8243;][vc_column_text]\n<div style=\"display: flex; gap: 7px; align-items: center; max-width: 100%;\"><span style=\"font-size: 13px; color: #ffffff;\"><strong>Apoio:<\/strong><\/span> <a href=\"https:\/\/allankardec.org.br\/\" target=\"_blank\" rel=\"noopener\"><img src=\"https:\/\/ceak.org.br\/ceak\/wp-content\/uploads\/2026\/05\/logo-editora-allan-kardec.png\" alt=\"\" width=\"36\" align=\"left\" \/><\/a><br \/>\n<a href=\"https:\/\/www.boanova.net\/\" target=\"_blank\" rel=\"noopener\"><img src=\"https:\/\/ceak.org.br\/ceak\/wp-content\/uploads\/2026\/05\/logo-boa-nova.png\" alt=\"\" width=\"36\" align=\"left\" \/><\/a><br \/>\n<a href=\"https:\/\/usesp.org.br\/\" target=\"_blank\" rel=\"noopener\"><img src=\"https:\/\/ceak.org.br\/ceak\/wp-content\/uploads\/2026\/05\/logo-use.png\" alt=\"\" width=\"82\" align=\"left\" \/><\/a><br \/>\n<a href=\"https:\/\/www.facebook.com\/USERegionalCampinas\/\" target=\"_blank\" rel=\"noopener\"><img src=\"https:\/\/ceak.org.br\/ceak\/wp-content\/uploads\/2026\/05\/logo-use-campinas.png\" alt=\"\" width=\"82\" align=\"left\" \/><\/a><\/div>\n[\/vc_column_text][\/vc_column][vc_column width=&#8221;5\/12&#8243;][vc_column_text]<span style=\"color: #8eabc4;\">Mais informa\u00e7\u00f5es: <a style=\"color: #d7e1eb; text-decoration: none;\" href=\"mailto:festivaldolivro\">festivaldolivro@ceak.org.br<\/a><\/span><\/p>\n<p><a style=\"color: #8eabc4; text-decoration: none;\" href=\"https:\/\/www.facebook.com\/CEAKCampinas\/\"><img loading=\"lazy\" src=\"https:\/\/ceak.org.br\/ceak\/wp-content\/uploads\/2026\/05\/icone-facebook.png\" width=\"30px\" height=\"30px\" \/> <\/a><a style=\"color: #8eabc4; text-decoration: none;\" href=\"https:\/\/www.instagram.com\/ceakcampinas\/\"><img loading=\"lazy\" src=\"https:\/\/ceak.org.br\/ceak\/wp-content\/uploads\/2026\/05\/icone-instagram.png\" width=\"30px\" height=\"30px\" \/> <span style=\"color: #d7e1eb;\">@ceakcampinas<\/span><\/a>[\/vc_column_text][\/vc_column][\/vc_row]\n","protected":false},"excerpt":{"rendered":"[vc_row][vc_column][vc_raw_html]JTNDZGl2JTIwc3R5bGUlM0QlMjJwb3NpdGlvbiUzQSUyMHN0aWNreSUzQiUyMHRvcCUzQTAlM0IlMjB3aWR0aCUzQTEwMCUyNSUzQiUyMHotaW5kZXglM0ExMCUzQiUyMCUyMiUzRSUwQSUwQSUzQ2RpdiUyMHN0eWxlJTNEJTIyZGlzcGxheSUzQSUyMGJsb2NrJTNCJTIwcG9zaXRpb24lM0FyZWxhdGl2ZSUzQiUyMGhlaWdodCUzQSUyMDExMHB4JTNCJTIwcGFkZGluZyUzQSUyMDhweCUyMDIwcHglMjAyMHB4JTIwMjBweCUzQiUyMGJhY2tncm91bmQtY29sb3IlM0ElMjAlMjMwMzM4NjYlM0IlMjIlM0UlMEElM0MlMkZkaXYlM0UlMEElM0NkaXYlMjBjbGFzcyUzRCUyMmZlc3RpdmFsLWxvZ28lMjIlMjBzdHlsZSUzRCUyMnBvc2l0aW9uJTNBcmVsYXRpdmUlM0IlMjB0b3AlM0EtMTA1cHglM0IlMjBwYWRkaW5nJTNBJTIwOHB4JTIwMjBweCUyMDIwcHglMjAyMHB4JTNCJTIwei1pbmRleCUzQTQlM0IlMjIlM0UlMjAlMEElMjAlMjAlMjAlMjAlMjAlMjAlM0NhJTIwaHJlZiUzRCUyMmh0dHBzJTNBJTJGJTJGd3d3LmNlYWsub3JnLmJyJTJGZmVzdGl2YWxkb2xpdnJvJTIyJTNFJTNDaW1nJTIwc3JjJTNEJTIyaHR0cHMlM0ElMkYlMkZjZWFrLm9yZy5iciUyRmNlYWslMkZ3cC1jb250ZW50JTJGdXBsb2FkcyUyRjIwMjYlMkYwNCUyRkxvZ28tSG90c2l0ZS5wbmclMjIlMjB3aWR0aCUzRCUyMjIwMHB4JTIyJTIwYWxpZ24lM0RsZWZ0JTNFJTNDJTJGYSUzRSUwQSUyMCUyMCUyMCUzQyUyRmRpdiUzRSUwQSUwQSUwQSUyMCUyMCUyMCUzQ2RpdiUyMGNsYXNzJTNEJTIyZmVzdGl2YWwtaW5mby10b3BvJTIyJTIwc3R5bGUlM0QlMjJwb3NpdGlvbiUzQXJlbGF0aXZlJTNCJTIwdG9wJTNBJTIwLTkwcHglM0IlMjBsZWZ0JTNBMTVweCUzQiUyMHotaW5kZXglM0E0JTNCJTIyJTNFJTBBJTIwJTIwJTIwJTIwJTIwJTIwJTIwJTNDUCUyMHN0eWxlJTNEJTIyY29sb3IlM0ElMjNkZmU3ZWYlM0IlMjBmb250LXNpemUlM0ExNnB4JTNCJTIwJTIyJTNFJTBBJTIwJTIwJTIwJTIwJTIwJTIwJTIwJTIwJTIwJTIwMTglMjBkZSUyMEp1bGhvJTIwZGUlMjAyMDI2JTIwJTNDJTJGYnIlM0UlMEElMjAlMjAlMjAlMjAlMjAlMjAlMjAlMjAlMjAlMjBTJUMzJUExYmFkbyUyQyUyMGRhcyUyMDloJTIwJUMzJUEwcyUyMDE4aCUzQyUyRmJyJTIwJTJGJTNFJTBBJTIwJTIwJTIwJTIwJTIwJTIwJTIwJTNDJTJGUCUzRSUwQSUyMCUyMCUyMCUzQyUyRmRpdiUzRSUwQSUzQyUyRmRpdiUzRSUwQSUyMCUyMCUyMCUzQ2RpdiUzRSUwQSUyMCUyMCUyMCUyMCUyMCUyMCUzQ2RpdiUyMHN0eWxlJTNEJTIycG9zaXRpb24lM0FyZWxhdGl2ZSUzQiUyMHRvcCUzQSUyMC0xMzZweCUzQiUyMCUyMGZvbnQtc2l6ZSUzQSUyMDE0cHglM0IlMjBmb250LXdlaWdodCUzQWJvbGQlM0IlMjB6LWluZGV4JTNBMTAlM0IlMjIlMjBhbGlnbiUzRCUyMnJpZ2h0JTIyJTNFJTBBJTIwJTIwJTIwJTIwJTIwJTIwJTIwJTIwJTIwJTNDbmF2JTIwY2xhc3MlM0QlMjJmZXN0aXZhbC1uYXYtZGVza3RvcCUyMiUyMHN0eWxlJTNEJTIyZGlzcGxheSUzQSUyMGZsZXglM0IlMjBnYXAlM0EzMHB4JTNCJTIwanVzdGlmeS1jb250ZW50JTNBJTIwZmxleC1lbmQlM0IlMjIlM0UlMEElMjAlMjAlMjAlMjAlMjAlMjAlMjAlMjAlMjAlMjAlMjAlMjAlM0NhJTIwc3R5bGUlM0QlMjJjb2xvciUzQSUyMHdoaXRlJTNCJTIwdGV4dC10cmFuc2Zvcm0lM0ElMjB1cHBlcmNhc2UlM0IlMjIlMjBocmVmJTNEJTIyaHR0cHMlM0ElMkYlMkZ3d3cuY2Vhay5vcmcuYnIlMkZmZXN0aXZhbGRvbGl2cm8lMjIlM0VIb21lJTNDJTJGYSUzRSUwQSUyMCUyMCUyMCUyMCUyMCUyMCUyMCUyMCUyMCUyMCUyMCUyMCUzQ2ElMjBzdHlsZSUzRCUyMmNvbG9yJTNBJTIwd2hpdGUlM0IlMjB0ZXh0LXRyYW5zZm9ybSUzQSUyMHVwcGVyY2FzZSUzQiUyMiUyMGhyZWYlM0QlMjJodHRwcyUzQSUyRiUyRnd3dy5jZWFrLm9yZy5iciUyRmNlYWslMkZmZXN0aXZhbC1wcm9ncmFtYWNhbyUyRiUyMiUzRVByb2dyYW1hJUMzJUE3JUMzJUEzbyUzQyUyRmElM0UlMEElMjAlMjAlMjAlMjAlMjAlMjAlMjAlMjAlMjAlMjAlMjAlMjAlM0NhJTIwc3R5bGUlM0QlMjJjb2xvciUzQSUyMHdoaXRlJTNCJTIwdGV4dC10cmFuc2Zvcm0lM0ElMjB1cHBlcmNhc2UlM0IlMjIlMjBocmVmJTNEJTIyaHR0cHMlM0ElMkYlMkZ3d3cuY2Vhay5vcmcuYnIlMkZjZWFrJTJGZmVzdGl2YWwtc29icmUlMkYlMjIlM0VTb2JyZSUyMG8lMjBGZXN0aXZhbCUzQyUyRmElM0UlMEElMjAlMjAlMjAlMjAlMjAlMjAlMjAlMjAlMjAlM0MlMkZuYXYlM0UlMEElMjAlMjAlMjAlMjAlMjAlMjAlMjAlMjAlMjAlM0NuYXYlMjBjbGFzcyUzRCUyMmZlc3RpdmFsLW5hdi1tb2JpbGUlMjIlMjBzdHlsZSUzRCUyMnRleHQtYWxpZ24lM0FjZW50ZXIlM0IlMjIlM0UlMEElMjAlMjAlMjAlMjAlMjAlMjAlMjAlMjAlMjAlMjAlMjAlMjAlM0NhJTIwaHJlZiUzRCUyMmh0dHBzJTNBJTJGJTJGd3d3LmNlYWsub3JnLmJyJTJGZmVzdGl2YWxkb2xpdnJvJTIyJTNFSG9tZSUzQyUyRmElM0UlMEElMjAlMjAlMjAlMjAlMjAlMjAlMjAlMjAlMjAlMjAlMjAlMjAlM0NhJTIwaHJlZiUzRCUyMmh0dHBzJTNBJTJGJTJGd3d3LmNlYWsub3JnLmJyJTJGY2VhayUyRmZlc3RpdmFsLXByb2dyYW1hY2FvJTJGJTIyJTNFUHJvZ3JhbWElQzMlQTclQzMlQTNvJTNDJTJGYSUzRSUwQSUyMCUyMCUyMCUyMCUyMCUyMCUyMCUyMCUyMCUyMCUyMCUyMCUzQ2ElMjBocmVmJTNEJTIyaHR0cHMlM0ElMkYlMkZ3d3cuY2Vhay5vcmcuYnIlMkZjZWFrJTJGZmVzdGl2YWwtc29icmUlMkYlMjIlM0VTb2JyZSUyMG8lMjBGZXN0aXZhbCUzQyUyRmElM0UlMEElMjAlMjAlMjAlMjAlMjAlMjAlMjAlMjAlMjAlM0MlMkZuYXYlM0UlMEElMjAlMjAlMjAlMjAlMjAlMjAlM0MlMkZkaXYlM0UlMEElMjAlMjAlMjAlM0MlMkZkaXYlM0UlMEElMjAlMjAlMjAlM0NidXR0b24lMjBjbGFzcyUzRCUyMmZlc3RpdmFsLW1lbnUtdG9nZ2xlJTIyJTNFJUUyJTk4JUIwJTNDJTJGYnV0dG9uJTNFJTBBJTNDJTJGZGl2JTNFJTBB[\/vc_raw_html][\/vc_column][\/vc_row][vc_row][vc_column][vc_column_text css=&#8221;.vc_custom_1778253792612{margin-top: -203px !important;}&#8221;] Programa\u00e7\u00e3o [\/vc_column_text][\/vc_column][\/vc_row][vc_row css=&#8221;.vc_custom_1778297616218{margin-top: -35px !important;padding-right: 30px !important;padding-left: 30px !important;}&#8221;][vc_column width=&#8221;1\/12&#8243;][\/vc_column][vc_column width=&#8221;5\/6&#8243;][vc_column_text]Confira a programa\u00e7\u00e3o do evento abaixo. Teremos palestras, rodas de conversa e muito mais. Acompanhe![\/vc_column_text][\/vc_column][vc_column width=&#8221;1\/12&#8243;][\/vc_column][\/vc_row][vc_row][vc_column][vc_separator style=&#8221;shadow&#8221;][\/vc_column][\/vc_row][vc_row][vc_column width=&#8221;1\/12&#8243;][\/vc_column][vc_column width=&#8221;5\/12&#8243;][vc_column_text] 9h30 \u00e0s 10h30 Sal\u00e3o principal A Vida no Mundo Espiritual PALESTRA [\/vc_column_text][\/vc_column][vc_column width=&#8221;5\/12&#8243;][vc_column_text] Antonio Cesar Perri de Carvalho Autor e organizador de [&hellip;]\n","protected":false},"author":2,"featured_media":0,"parent":0,"menu_order":0,"comment_status":"closed","ping_status":"closed","template":"page-blank-landingpage.php","meta":[],"_links":{"self":[{"href":"https:\/\/ceak.org.br\/ceak\/wp-json\/wp\/v2\/pages\/21754"}],"collection":[{"href":"https:\/\/ceak.org.br\/ceak\/wp-json\/wp\/v2\/pages"}],"about":[{"href":"https:\/\/ceak.org.br\/ceak\/wp-json\/wp\/v2\/types\/page"}],"author":[{"embeddable":true,"href":"https:\/\/ceak.org.br\/ceak\/wp-json\/wp\/v2\/users\/2"}],"replies":[{"embeddable":true,"href":"https:\/\/ceak.org.br\/ceak\/wp-json\/wp\/v2\/comments?post=21754"}],"version-history":[{"count":153,"href":"https:\/\/ceak.org.br\/ceak\/wp-json\/wp\/v2\/pages\/21754\/revisions"}],"predecessor-version":[{"id":22160,"href":"https:\/\/ceak.org.br\/ceak\/wp-json\/wp\/v2\/pages\/21754\/revisions\/22160"}],"wp:attachment":[{"href":"https:\/\/ceak.org.br\/ceak\/wp-json\/wp\/v2\/media?parent=21754"}],"curies":[{"name":"wp","href":"https:\/\/api.w.org\/{rel}","templated":true}]}}