{"id":295,"date":"2017-02-09T21:25:34","date_gmt":"2017-02-09T21:25:34","guid":{"rendered":"http:\/\/ceak.org.br\/ceak\/?page_id=295"},"modified":"2021-03-01T20:48:23","modified_gmt":"2021-03-01T23:48:23","slug":"historia","status":"publish","type":"page","link":"https:\/\/ceak.org.br\/ceak\/historia\/","title":{"rendered":"Hist\u00f3ria"},"content":{"rendered":"[vc_row][vc_column][vc_column_text]\n<h1>Hist\u00f3ria<\/h1>\n[\/vc_column_text][\/vc_column][\/vc_row][vc_row][vc_column width=&#8221;2\/3&#8243;][vc_column_text]\n<p class=\"p1\"><span class=\"s1\">O Centro Esp\u00edrita Allan Kardec \u00e9 fruto do encontro casual entre Gustavo Marcondes e Serv\u00edlio Marrone na pra\u00e7a Carlos Gomes, no centro de Campinas. Numa manh\u00e3 de domingo, estavam sentados no mesmo banco quando perceberam que ambos tinham livros sobre o espiritismo em m\u00e3os e resolveram conversar.<\/span><\/p>\n<p class=\"p1\"><span class=\"s1\">O encontro \u00e9 retratado em detalhes no livro<a href=\"http:\/\/www.allankardec.org.br\/busca\/encontro-marcado-sete-decadas-do-c-e-allan-kardec\/\" target=\"_blank\" rel=\"noopener\"> \u201cEncontro Marcado\u201d, da editora Allan Kardec.<\/a>\u00a0<\/span><\/p>\n<p class=\"p1\"><span class=\"s1\">Durante a leitura, \u00e9 poss\u00edvel se imaginar pelas ruas de Campinas desde o in\u00edcio do s\u00e9culo XX, num resgate hist\u00f3rico, econ\u00f4mico e cultural da \u00e9poca.<\/span><\/p>\n<p class=\"p1\"><span class=\"s1\">Foi deste encontro (para alguns casual, para outros previsto) que floresceu a vontade de fundar um Centro Esp\u00edrita para estudo e divulga\u00e7\u00e3o da doutrina. Reunidos a outros colegas, fundaram o Centro Esp\u00edrita Allan Kardec, em 15 de setembro de 1938.<\/span><\/p>\n<p class=\"p1\"><span class=\"s1\">A primeira sede era um sal\u00e3o alugado na Rua Concei\u00e7\u00e3o, n \u00ba 219, onde tamb\u00e9m foi instalado o<\/span><span class=\"s2\"> <a href=\"http:\/\/ceak.org.br\/iphc\/\" target=\"_blank\" rel=\"noopener\">Instituto Popular Humberto de Campos<\/a> (IPHC)<\/span><span class=\"s1\">, que foi anexado ao Centro como o primeiro departamento assistencial. <\/span><\/p>\n[\/vc_column_text][\/vc_column][vc_column width=&#8221;1\/3&#8243;][vc_single_image image=&#8221;298&#8243; img_size=&#8221;full&#8221; alignment=&#8221;center&#8221; onclick=&#8221;custom_link&#8221; img_link_target=&#8221;_blank&#8221; css_animation=&#8221;none&#8221; link=&#8221;http:\/\/www.allankardec.org.br\/busca\/encontro-marcado-sete-decadas-do-c-e-allan-kardec\/&#8221;][\/vc_column][\/vc_row][vc_row][vc_column][vc_empty_space height=&#8221;15px&#8221;][vc_separator][vc_empty_space height=&#8221;15px&#8221;][\/vc_column][\/vc_row][vc_row][vc_column width=&#8221;1\/2&#8243;][vc_single_image image=&#8221;307&#8243; img_size=&#8221;full&#8221; alignment=&#8221;center&#8221; onclick=&#8221;custom_link&#8221; img_link_target=&#8221;_blank&#8221; css_animation=&#8221;none&#8221; link=&#8221;http:\/\/ceak.org.br\/ee\/&#8221;][\/vc_column][vc_column width=&#8221;1\/2&#8243;][vc_column_text]\n<p class=\"p1\"><span class=\"s1\">Enquanto no CEAK eram realizados o estudo e divulga\u00e7\u00e3o do espiritismo por meio de palestras (inclusive com a colabora\u00e7\u00e3o de conferencistas de outras cidades) evangeliza\u00e7\u00e3o da inf\u00e2ncia, estudos da Doutrina e Evangelho para os jovens (Uni\u00e3o da Juventude Esp\u00edrita), trabalhos medi\u00fanicos e a forma\u00e7\u00e3o de bibliotecas para crian\u00e7as e adultos, no <a href=\"http:\/\/ceak.org.br\/iphc\/\" target=\"_blank\" rel=\"noopener\">IPHC<\/a> era realizada a educa\u00e7\u00e3o de jovens e crian\u00e7as em um jardim de inf\u00e2ncia, algo incomum para a \u00e9poca.<\/span><\/p>\n<p class=\"p1\"><span class=\"s1\">Em 31 de mar\u00e7o de 1943, a diretoria do CEAK decide ampliar os servi\u00e7os assistenciais do Centro. O pr\u00f3ximo departamento seria um lar para meninos \u00f3rf\u00e3os ou abandonados, o <a href=\"http:\/\/ceak.org.br\/ee\/\" target=\"_blank\" rel=\"noopener\">Educand\u00e1rio Eur\u00edpedes<\/a>. <\/span><\/p>\n<p class=\"p1\"><span class=\"s1\">Tal desejo foi colocado como plano futuro. Em primeiro lugar vinha a necessidade e o sonho da sede pr\u00f3pria. Primeiramente foi adquirido o terreno e em seguida iniciou-se a busca de recursos para a constru\u00e7\u00e3o do pr\u00e9dio que abrigaria o <a href=\"http:\/\/ceak.org.br\/iphc\/\" target=\"_blank\" rel=\"noopener\">IPHC<\/a> e CEAK.<\/span><\/p>\n[\/vc_column_text][\/vc_column][\/vc_row][vc_row][vc_column][vc_empty_space height=&#8221;15px&#8221;][vc_separator][vc_empty_space height=&#8221;15px&#8221;][\/vc_column][\/vc_row][vc_row][vc_column width=&#8221;1\/2&#8243;][vc_column_text]\n<p class=\"p1\"><span class=\"s1\">A pedra fundamental data de 1 de maio de 1944, mas a primeira etapa do pr\u00e9dio foi inaugurada somente em 1949, exatamente cinco anos depois. No t\u00e9rreo foi instalado o <a href=\"http:\/\/ceak.org.br\/iphc\/\" target=\"_blank\" rel=\"noopener\">IPHC<\/a> e no ano seguinte, o CEAK ocupou o primeiro andar.<\/span><\/p>\n<p class=\"p1\"><span class=\"s1\">Somente ap\u00f3s a conclus\u00e3o dessa etapa, iniciaram-se as campanhas para a constru\u00e7\u00e3o e instala\u00e7\u00e3o do Educand\u00e1rio. Foi uma luta de mais de uma d\u00e9cada, at\u00e9 que em setembro de 1962, o <\/span><span class=\"s2\"><a href=\"http:\/\/ceak.org.br\/ee\/\" target=\"_blank\" rel=\"noopener\">Educand\u00e1rio Eur\u00edpedes<\/a>\u00a0era inaugurado.<\/span><\/p>\n<p class=\"p1\">\u00a0Outras duas institui\u00e7\u00f5es foram criadas para ampliar as atividades assistenciais e levar a miss\u00e3o social do CEAK a um n\u00famero maior de pessoas. Em 22 de fevereiro de 1976, o Lar dos Quinze Irm\u00e3os, no Distrito de Sousas, foi inaugurado com a finalidade de abrigar crian\u00e7as \u00f3rf\u00e3s ou abandonadas do sexo masculino, na faixa et\u00e1ria de zero a tr\u00eas anos.<\/p>\n[\/vc_column_text][\/vc_column][vc_column width=&#8221;1\/2&#8243;][vc_single_image image=&#8221;320&#8243; img_size=&#8221;full&#8221; alignment=&#8221;center&#8221; onclick=&#8221;custom_link&#8221; img_link_target=&#8221;_blank&#8221; css_animation=&#8221;none&#8221; link=&#8221;http:\/\/ceak.org.br\/iphc\/&#8221;][\/vc_column][\/vc_row][vc_row][vc_column][vc_empty_space height=&#8221;15px&#8221;][vc_separator][vc_empty_space height=&#8221;15px&#8221;][\/vc_column][\/vc_row][vc_row][vc_column][vc_column_text]\n<p class=\"p1\"><span class=\"s1\">Tr\u00eas anos depois, era fundada a <\/span><span class=\"s2\"><a href=\"http:\/\/ceak.org.br\/cavi\/\" target=\"_blank\" rel=\"noopener\">Casa de Apoio \u00e0 Vida &#8211; CAVI<\/a><\/span><span class=\"s1\">, no Centro de Campinas, voltada \u00e0 assist\u00eancia social e orienta\u00e7\u00e3o socioeducativa de gestantes carentes (jovens e adultas) e suas fam\u00edlias, idealizado pela Mocidade Esp\u00edrita Allan Kardec (MEAK).<\/span><\/p>\n<p class=\"p1\"><span class=\"s1\">Em 1990, o Lar dos Quinze Irm\u00e3os foi transformado em creche para atender crian\u00e7as carentes na faixa et\u00e1ria de tr\u00eas a cinco anos. A partir de 1 de janeiro de 2000, ap\u00f3s reforma e amplia\u00e7\u00e3o, teve seu nome alterado para <\/span><span class=\"s2\"><a href=\"http:\/\/ceak.org.br\/cgm\/\" target=\"_blank\" rel=\"noopener\">Creche Gustavo Marcondes<\/a><\/span><span class=\"s1\">, em homenagem ao fundador do CEAK. O nome permanece at\u00e9 os dias atuais, mas em 2014, a creche foi homologada pela Prefeitura Municipal de Campinas como unidade educacional.<\/span><\/p>\n[\/vc_column_text][\/vc_column][\/vc_row][vc_row][vc_column width=&#8221;1\/2&#8243;][vc_single_image image=&#8221;322&#8243; img_size=&#8221;full&#8221; alignment=&#8221;center&#8221; onclick=&#8221;custom_link&#8221; img_link_target=&#8221;_blank&#8221; css_animation=&#8221;none&#8221; link=&#8221;http:\/\/ceak.org.br\/cavi\/&#8221;][\/vc_column][vc_column width=&#8221;1\/2&#8243;][vc_single_image image=&#8221;323&#8243; img_size=&#8221;full&#8221; alignment=&#8221;center&#8221; onclick=&#8221;custom_link&#8221; img_link_target=&#8221;_blank&#8221; css_animation=&#8221;none&#8221; link=&#8221;http:\/\/ceak.org.br\/cgm\/&#8221;][\/vc_column][\/vc_row][vc_row][vc_column][vc_empty_space height=&#8221;15px&#8221;][vc_separator][\/vc_column][\/vc_row][vc_row][vc_column][vc_column_text]\n<p class=\"p1\"><span class=\"s1\">O mais recente entre os endere\u00e7os de atendimento da entidade \u00e9 o N\u00facleo \u201cAlvorada de Cristo\u201d, inaugurado em 31 de agosto de 1996, localizado na Rua do Professor, 292, no Jardim Proen\u00e7a, em Campinas. A princ\u00edpio, o local recebia somente as atividades medi\u00fanicas, prele\u00e7\u00e3o evang\u00e9lica, passes ao p\u00fablico e reuni\u00f5es medi\u00fanicas privativas. Hoje, o N\u00facleo <a href=\"\/ceak\/alvorada-de-cristo\">\u201cAlvorada de Cristo\u201d<\/a> re\u00fane uma s\u00e9rie de atividades, baseadas na Doutrina Esp\u00edrita, para atendimento e suporte \u00e0 comunidade. <a href=\"\/ceak\/alvorada-de-cristo\">Conhe\u00e7a <\/a><\/span><a href=\"\/ceak\/alvorada-de-cristo\"><span class=\"s3\">AQUI<\/span><span class=\"s2\">.<\/span><\/a><\/p>\n<p class=\"p1\"><span class=\"s1\">Para dar suporte a todo o trabalho assistencial do CEAK e seus departamentos, a institui\u00e7\u00e3o conta com fontes variadas de recursos como doa\u00e7\u00f5es, eventos, bazares e campanhas de arrecada\u00e7\u00e3o. Al\u00e9m dessas fontes, o CEAK possui dois departamentos de cunho comercial, respons\u00e1veis por grande parte dos recursos para manuten\u00e7\u00e3o das atividades, s\u00e3o a <\/span><span class=\"s2\"><a href=\"http:\/\/www.bambini.com.br\" target=\"_blank\" rel=\"noopener\">Panificadora Bambini<\/a><\/span><span class=\"s1\">, inaugurada em 1974, e a <\/span><span class=\"s2\"><a href=\"http:\/\/www.allankardec.org.br\/\" target=\"_blank\" rel=\"noopener\">Editora Allan Kardec<\/a><\/span><span class=\"s1\">, fundada em 1999, ambos anexos ao pr\u00e9dio do Educand\u00e1rio Eur\u00edpedes, no bairro Vila Nova.<\/span><\/p>\n[\/vc_column_text][\/vc_column][\/vc_row]\n","protected":false},"excerpt":{"rendered":"[vc_row][vc_column][vc_column_text] Hist\u00f3ria [\/vc_column_text][\/vc_column][\/vc_row][vc_row][vc_column width=&#8221;2\/3&#8243;][vc_column_text] O Centro Esp\u00edrita Allan Kardec \u00e9 fruto do encontro casual entre Gustavo Marcondes e Serv\u00edlio Marrone na pra\u00e7a Carlos Gomes, no centro de Campinas. Numa manh\u00e3 de domingo, estavam sentados no mesmo banco quando perceberam que ambos tinham livros sobre o espiritismo em m\u00e3os e resolveram conversar. O encontro \u00e9 retratado [&hellip;]\n","protected":false},"author":1,"featured_media":0,"parent":0,"menu_order":0,"comment_status":"closed","ping_status":"closed","template":"page-blank-container.php","meta":[],"_links":{"self":[{"href":"https:\/\/ceak.org.br\/ceak\/wp-json\/wp\/v2\/pages\/295"}],"collection":[{"href":"https:\/\/ceak.org.br\/ceak\/wp-json\/wp\/v2\/pages"}],"about":[{"href":"https:\/\/ceak.org.br\/ceak\/wp-json\/wp\/v2\/types\/page"}],"author":[{"embeddable":true,"href":"https:\/\/ceak.org.br\/ceak\/wp-json\/wp\/v2\/users\/1"}],"replies":[{"embeddable":true,"href":"https:\/\/ceak.org.br\/ceak\/wp-json\/wp\/v2\/comments?post=295"}],"version-history":[{"count":2,"href":"https:\/\/ceak.org.br\/ceak\/wp-json\/wp\/v2\/pages\/295\/revisions"}],"predecessor-version":[{"id":8967,"href":"https:\/\/ceak.org.br\/ceak\/wp-json\/wp\/v2\/pages\/295\/revisions\/8967"}],"wp:attachment":[{"href":"https:\/\/ceak.org.br\/ceak\/wp-json\/wp\/v2\/media?parent=295"}],"curies":[{"name":"wp","href":"https:\/\/api.w.org\/{rel}","templated":true}]}}