{"id":489,"date":"2017-03-10T03:27:33","date_gmt":"2017-03-10T03:27:33","guid":{"rendered":"http:\/\/ceak.org.br\/ceak\/?page_id=489"},"modified":"2022-08-25T17:20:17","modified_gmt":"2022-08-25T20:20:17","slug":"voluntariado","status":"publish","type":"page","link":"https:\/\/ceak.org.br\/ceak\/voluntariado\/","title":{"rendered":"Voluntariado"},"content":{"rendered":"[vc_row][vc_column][vc_column_text]\n<h1>Voluntariado<\/h1>\n[\/vc_column_text][\/vc_column][\/vc_row][vc_row][vc_column width=&#8221;1\/2&#8243;][vc_column_text]<em>\u201cA nossa felicidade ser\u00e1 naturalmente proporcional em rela\u00e7\u00e3o \u00e0 felicidade que fizermos para os outros. \u201d &#8211;<\/em> Allan Kardec<\/p>\n<p>O trabalho volunt\u00e1rio \u00e9, cada vez mais, uma via de m\u00e3o dupla: n\u00e3o s\u00f3 generosidade e doa\u00e7\u00e3o, mas tamb\u00e9m abertura para novas experi\u00eancias, oportunidades de aprendizado, prazer em ser \u00fatil, cria\u00e7\u00e3o de novos v\u00ednculos de intera\u00e7\u00e3o e afirma\u00e7\u00e3o do sentido comunit\u00e1rio. No CEAK, os volunt\u00e1rios s\u00e3o a base para toda as obras e a\u00e7\u00f5es realizadas pela institui\u00e7\u00e3o.<\/p>\n<p>Ao assumir a atitude de ser volunt\u00e1rio, voc\u00ea estar\u00e1 participando, de forma efetiva, da busca por uma sociedade melhor, mais solid\u00e1ria e pac\u00edfica.<\/p>\n<p>Em todos os departamentos sociais ligados ao CEAK, assim como nos seus N\u00facleos de dissemina\u00e7\u00e3o da doutrina esp\u00edrita, os volunt\u00e1rios somam mais de 1250 pessoas. Esse contingente, que atua em endere\u00e7os e atividades bastante variadas, \u00e9 coordenado pela Assessoria de Servi\u00e7os Volunt\u00e1rios, criada h\u00e1 mais de 10 anos, e que hoje \u00e9 respons\u00e1vel por orientar, recrutar, treinar, elaborar relat\u00f3rios gerenciais, e por todas as outras atividades ligadas aos volunt\u00e1rios da institui\u00e7\u00e3o.<\/p>\n<p>Conhe\u00e7a a Miss\u00e3o, Vis\u00e3o e Valores da Assessoria de Servi\u00e7os Volunt\u00e1rios do CEAK:[\/vc_column_text][\/vc_column][vc_column width=&#8221;1\/2&#8243;][vc_single_image image=&#8221;492&#8243; img_size=&#8221;full&#8221; alignment=&#8221;center&#8221; onclick=&#8221;custom_link&#8221; img_link_target=&#8221;_blank&#8221; css_animation=&#8221;none&#8221; link=&#8221;http:\/\/www.allankardec.org.br\/busca\/encontro-marcado-sete-decadas-do-c-e-allan-kardec\/&#8221;][\/vc_column][\/vc_row][vc_row][vc_column][vc_empty_space height=&#8221;15px&#8221;][vc_separator][vc_empty_space height=&#8221;15px&#8221;][\/vc_column][\/vc_row][vc_row][vc_column width=&#8221;1\/2&#8243;][vc_single_image image=&#8221;493&#8243; img_size=&#8221;full&#8221; alignment=&#8221;center&#8221; onclick=&#8221;custom_link&#8221; img_link_target=&#8221;_blank&#8221; css_animation=&#8221;none&#8221; link=&#8221;http:\/\/ceak.org.br\/ee\/&#8221;][\/vc_column][vc_column width=&#8221;1\/2&#8243;][vc_column_text]<strong>MISS\u00c3O:<\/strong> Ser uma unidade refer\u00eancia no acolhimento, agrega\u00e7\u00e3o e direcionamento de pessoas mobilizadas pelo prop\u00f3sito comum de ajuda ao pr\u00f3ximo, para o trabalho organizado e respons\u00e1vel de apoio \u00e0s atividades assistenciais e de desenvolvimento humano do Centro Esp\u00edrita Allan Kardec, contribuindo, assim, para a evolu\u00e7\u00e3o de todos e para uma sociedade mais justa e solid\u00e1ria.<\/p>\n<p><strong>VIS\u00c3O:<\/strong> A doa\u00e7\u00e3o espont\u00e2nea, o compartilhamento de experi\u00eancias e o aprendizado fomentado pelo trabalho volunt\u00e1rio inspiram o respeito \u00e0 diversidade, a conviv\u00eancia harm\u00f4nica e a valoriza\u00e7\u00e3o do humano em toda a sua plenitude. Promover e direcionar essas virtudes nas pessoas \u00e9, sobretudo, despertar-lhes para a ess\u00eancia divina do amor que habita em todo Ser e que, quando irradiada, o coloca em sintonia com Deus.<\/p>\n<p>VALORES: Integridade, Respeito, Compromisso, Responsabilidade.<br \/>\n[\/vc_column_text][\/vc_column][\/vc_row][vc_row][vc_column][vc_empty_space height=&#8221;15px&#8221;][vc_separator][vc_empty_space height=&#8221;15px&#8221;][\/vc_column][\/vc_row][vc_row][vc_column width=&#8221;1\/2&#8243;][vc_column_text]Como se tornar um volunt\u00e1rio do CEAK?<\/p>\n<p>Os interessados em atuar como volunt\u00e1rio em qualquer uma das atividades do CEAK participam de um treinamento padr\u00e3o com o objetivo de conhecer o CEAK, seus N\u00facleos e departamentos, e tamb\u00e9m quais as oportunidades de trabalho volunt\u00e1rio dispon\u00edveis, al\u00e9m de conceitos e processos internos.<\/p>\n<p>Acreditamos na import\u00e2ncia de o volunt\u00e1rio conhecer e admirar uma causa antes de dedicar-se a ela, pois uma vez firmado o compromisso, o volunt\u00e1rio passa a fazer parte da rotina da institui\u00e7\u00e3o e, assim, ser\u00e1 parte fundamental do seu funcionamento. Ser volunt\u00e1rio \u00e9 ser respons\u00e1vel e profissional, sem perder a vontade de fazer a diferen\u00e7a.<\/p>\n<p>O treinamento tem dura\u00e7\u00e3o de cerca de 3 horas e acontece em datas determinadas divulgadas pelos canais oficiais de comunica\u00e7\u00e3o do CEAK (site e redes sociais). \u00a0Ao final da reuni\u00e3o, o candidato recebe um certificado de presen\u00e7a via e-mail. Para mais informa\u00e7\u00f5es sobre como se tornar um voluntario no CEAK, envie um e-mail para <a href=\"mailto:voluntarios@ceak.org.br\">voluntarios@ceak.org.br<\/a>[\/vc_column_text][\/vc_column][vc_column width=&#8221;1\/2&#8243;][vc_single_image image=&#8221;494&#8243; img_size=&#8221;full&#8221; alignment=&#8221;center&#8221; onclick=&#8221;custom_link&#8221; img_link_target=&#8221;_blank&#8221; css_animation=&#8221;none&#8221; link=&#8221;http:\/\/ceak.org.br\/iphc\/&#8221;][\/vc_column][\/vc_row][vc_row][vc_column][vc_empty_space height=&#8221;15px&#8221;][vc_separator][vc_empty_space height=&#8221;15px&#8221;][\/vc_column][\/vc_row][vc_row][vc_column][vc_column_text]\n<h2>Em que atividades posso atuar?<\/h2>\n<p>Todos os departamentos e n\u00facleos do CEAK tem atividades voltadas ao trabalho volunt\u00e1rio. Conhe\u00e7a e candidate-se! Informa\u00e7\u00f5es pelo telefone <a href=\"tel:+551925148778\">(19) 2514-8778<\/a>, ou pelo e-mail <a href=\"mailto:voluntarios@ceak.org.br\">voluntarios@ceak.org.br<\/a>.<\/p>\n<h3><span style=\"color: #099ba3;\">CEAK Sede<\/span><\/h3>\n<p>Livraria, biblioteca, secretaria, GAE (Grupo de Apoio \u00e0 Emerg\u00eancia \u2013 brigadistas), eventos (semin\u00e1rios), entre outros.<\/p>\n<h3><span style=\"color: #099ba3;\"><a href=\"\/ceak\/alvorada-de-cristo\/\">CEAK N\u00facleo Alvorada de Cristo<\/a><\/span><\/h3>\n<p>Manuten\u00e7\u00e3o em geral, artesanato, visita fraterna aos Lar dos Velhinhos.<\/p>\n<h3><span style=\"color: #099ba3;\"><a href=\"http:\/\/ceak.org.br\/ee\/\" target=\"_blank\" rel=\"noopener\">EDUCAND\u00c1RIO EUR\u00cdPEDES<\/a><\/span><\/h3>\n<p>Montagem e entrega de cestas b\u00e1sicas, grupo de artesanato, grupo de costura, bazar beneficente.<\/p>\n<h3><span style=\"color: #099ba3;\"><a href=\"http:\/\/ceak.org.br\/cavi\/\" target=\"_blank\" rel=\"noopener\">CAVI<\/a><\/span><\/h3>\n<p>Grupo de costura, visita fraterna com entrega de cestas b\u00e1sicas, artesanato, ber\u00e7\u00e1rio, montagem de enxovais, organiza\u00e7\u00e3o e limpeza.<\/p>\n<h3><span style=\"color: #099ba3;\"><a href=\"http:\/\/ceak.org.br\/cgm\/\" target=\"_blank\" rel=\"noopener\">CRECHE GUSTAVO MARCONDES<\/a><\/span><\/h3>\n<p>Bazar beneficente, manuten\u00e7\u00e3o em geral, eventos em empresas.<\/p>\n<h3><span style=\"color: #099ba3;\"><a href=\"http:\/\/ceak.org.br\/iphc\/\" target=\"_blank\" rel=\"noopener\">IPHC<\/a><\/span><\/h3>\n<p>Grupo de artesanato, bazar beneficente, dispens\u00e1rio de rem\u00e9dios, manuten\u00e7\u00e3o de equipamentos, entre outros.<\/p>\n<h2>Outras Atividades<\/h2>\n<p>Eventos em geral: campanhas da pizza, festa Junina, feira de artesanato, feira do livro, capta\u00e7\u00e3o de recursos (nota fiscal paulista). As vagas para o trabalho volunt\u00e1rio s\u00e3o mediante disponibilidade.<\/p>\n<p>Mais Informa\u00e7\u00f5es: <a href=\"mailto:voluntarios@ceak.org.br\">voluntarios@ceak.org.br<\/a> ou fone:\u00a0<a href=\"tel:+551925148778\">(19) 2514-8778<\/a><\/p>\n<h3><a href=\"http:\/\/ceak.org.br\/ceak\/arquivos\/manual-de-voluntarios.pdf\">MANUAL DO VOLUNT\u00c1RIO <\/a><\/h3>\n[\/vc_column_text][\/vc_column][\/vc_row][vc_row][vc_column][vc_empty_space height=&#8221;15px&#8221;][vc_separator][\/vc_column][\/vc_row]\n","protected":false},"excerpt":{"rendered":"[vc_row][vc_column][vc_column_text] Voluntariado [\/vc_column_text][\/vc_column][\/vc_row][vc_row][vc_column width=&#8221;1\/2&#8243;][vc_column_text]\u201cA nossa felicidade ser\u00e1 naturalmente proporcional em rela\u00e7\u00e3o \u00e0 felicidade que fizermos para os outros. \u201d &#8211; Allan Kardec O trabalho volunt\u00e1rio \u00e9, cada vez mais, uma via de m\u00e3o dupla: n\u00e3o s\u00f3 generosidade e doa\u00e7\u00e3o, mas tamb\u00e9m abertura para novas experi\u00eancias, oportunidades de aprendizado, prazer em ser \u00fatil, cria\u00e7\u00e3o de novos [&hellip;]\n","protected":false},"author":1,"featured_media":0,"parent":0,"menu_order":0,"comment_status":"closed","ping_status":"closed","template":"page-blank-container.php","meta":[],"_links":{"self":[{"href":"https:\/\/ceak.org.br\/ceak\/wp-json\/wp\/v2\/pages\/489"}],"collection":[{"href":"https:\/\/ceak.org.br\/ceak\/wp-json\/wp\/v2\/pages"}],"about":[{"href":"https:\/\/ceak.org.br\/ceak\/wp-json\/wp\/v2\/types\/page"}],"author":[{"embeddable":true,"href":"https:\/\/ceak.org.br\/ceak\/wp-json\/wp\/v2\/users\/1"}],"replies":[{"embeddable":true,"href":"https:\/\/ceak.org.br\/ceak\/wp-json\/wp\/v2\/comments?post=489"}],"version-history":[{"count":5,"href":"https:\/\/ceak.org.br\/ceak\/wp-json\/wp\/v2\/pages\/489\/revisions"}],"predecessor-version":[{"id":13692,"href":"https:\/\/ceak.org.br\/ceak\/wp-json\/wp\/v2\/pages\/489\/revisions\/13692"}],"wp:attachment":[{"href":"https:\/\/ceak.org.br\/ceak\/wp-json\/wp\/v2\/media?parent=489"}],"curies":[{"name":"wp","href":"https:\/\/api.w.org\/{rel}","templated":true}]}}

[vc_row][vc_column][vc_column_text]
<h1>Voluntariado</h1>
[/vc_column_text][/vc_column][/vc_row][vc_row][vc_column width=&#8221;1/2&#8243;][vc_column_text]<em>“A nossa felicidade será naturalmente proporcional em relação à felicidade que fizermos para os outros. ” &#8211;</em> Allan Kardec</p>
<p>O trabalho voluntário é, cada vez mais, uma via de mão dupla: não só generosidade e doação, mas também abertura para novas experiências, oportunidades de aprendizado, prazer em ser útil, criação de novos vínculos de interação e afirmação do sentido comunitário. No CEAK, os voluntários são a base para toda as obras e ações realizadas pela instituição.</p>
<p>Ao assumir a atitude de ser voluntário, você estará participando, de forma efetiva, da busca por uma sociedade melhor, mais solidária e pacífica.</p>
<p>Em todos os departamentos sociais ligados ao CEAK, assim como nos seus Núcleos de disseminação da doutrina espírita, os voluntários somam mais de 1250 pessoas. Esse contingente, que atua em endereços e atividades bastante variadas, é coordenado pela Assessoria de Serviços Voluntários, criada há mais de 10 anos, e que hoje é responsável por orientar, recrutar, treinar, elaborar relatórios gerenciais, e por todas as outras atividades ligadas aos voluntários da instituição.</p>
<p>Conheça a Missão, Visão e Valores da Assessoria de Serviços Voluntários do CEAK:[/vc_column_text][/vc_column][vc_column width=&#8221;1/2&#8243;][vc_single_image image=&#8221;492&#8243; img_size=&#8221;full&#8221; alignment=&#8221;center&#8221; onclick=&#8221;custom_link&#8221; img_link_target=&#8221;_blank&#8221; css_animation=&#8221;none&#8221; link=&#8221;http://www.allankardec.org.br/busca/encontro-marcado-sete-decadas-do-c-e-allan-kardec/&#8221;][/vc_column][/vc_row][vc_row][vc_column][vc_empty_space height=&#8221;15px&#8221;][vc_separator][vc_empty_space height=&#8221;15px&#8221;][/vc_column][/vc_row][vc_row][vc_column width=&#8221;1/2&#8243;][vc_single_image image=&#8221;493&#8243; img_size=&#8221;full&#8221; alignment=&#8221;center&#8221; onclick=&#8221;custom_link&#8221; img_link_target=&#8221;_blank&#8221; css_animation=&#8221;none&#8221; link=&#8221;http://ceak.org.br/ee/&#8221;][/vc_column][vc_column width=&#8221;1/2&#8243;][vc_column_text]<strong>MISSÃO:</strong> Ser uma unidade referência no acolhimento, agregação e direcionamento de pessoas mobilizadas pelo propósito comum de ajuda ao próximo, para o trabalho organizado e responsável de apoio às atividades assistenciais e de desenvolvimento humano do Centro Espírita Allan Kardec, contribuindo, assim, para a evolução de todos e para uma sociedade mais justa e solidária.</p>
<p><strong>VISÃO:</strong> A doação espontânea, o compartilhamento de experiências e o aprendizado fomentado pelo trabalho voluntário inspiram o respeito à diversidade, a convivência harmônica e a valorização do humano em toda a sua plenitude. Promover e direcionar essas virtudes nas pessoas é, sobretudo, despertar-lhes para a essência divina do amor que habita em todo Ser e que, quando irradiada, o coloca em sintonia com Deus.</p>
<p>VALORES: Integridade, Respeito, Compromisso, Responsabilidade.<br />
[/vc_column_text][/vc_column][/vc_row][vc_row][vc_column][vc_empty_space height=&#8221;15px&#8221;][vc_separator][vc_empty_space height=&#8221;15px&#8221;][/vc_column][/vc_row][vc_row][vc_column width=&#8221;1/2&#8243;][vc_column_text]Como se tornar um voluntário do CEAK?</p>
<p>Os interessados em atuar como voluntário em qualquer uma das atividades do CEAK participam de um treinamento padrão com o objetivo de conhecer o CEAK, seus Núcleos e departamentos, e também quais as oportunidades de trabalho voluntário disponíveis, além de conceitos e processos internos.</p>
<p>Acreditamos na importância de o voluntário conhecer e admirar uma causa antes de dedicar-se a ela, pois uma vez firmado o compromisso, o voluntário passa a fazer parte da rotina da instituição e, assim, será parte fundamental do seu funcionamento. Ser voluntário é ser responsável e profissional, sem perder a vontade de fazer a diferença.</p>
<p>O treinamento tem duração de cerca de 3 horas e acontece em datas determinadas divulgadas pelos canais oficiais de comunicação do CEAK (site e redes sociais).  Ao final da reunião, o candidato recebe um certificado de presença via e-mail. Para mais informações sobre como se tornar um voluntario no CEAK, envie um e-mail para <a href="mailto:voluntarios@ceak.org.br">voluntarios@ceak.org.br</a>[/vc_column_text][/vc_column][vc_column width=&#8221;1/2&#8243;][vc_single_image image=&#8221;494&#8243; img_size=&#8221;full&#8221; alignment=&#8221;center&#8221; onclick=&#8221;custom_link&#8221; img_link_target=&#8221;_blank&#8221; css_animation=&#8221;none&#8221; link=&#8221;http://ceak.org.br/iphc/&#8221;][/vc_column][/vc_row][vc_row][vc_column][vc_empty_space height=&#8221;15px&#8221;][vc_separator][vc_empty_space height=&#8221;15px&#8221;][/vc_column][/vc_row][vc_row][vc_column][vc_column_text]
<h2>Em que atividades posso atuar?</h2>
<p>Todos os departamentos e núcleos do CEAK tem atividades voltadas ao trabalho voluntário. Conheça e candidate-se! Informações pelo telefone <a href="tel:+551925148778">(19) 2514-8778</a>, ou pelo e-mail <a href="mailto:voluntarios@ceak.org.br">voluntarios@ceak.org.br</a>.</p>
<h3><span style="color: #099ba3;">CEAK Sede</span></h3>
<p>Livraria, biblioteca, secretaria, GAE (Grupo de Apoio à Emergência – brigadistas), eventos (seminários), entre outros.</p>
<h3><span style="color: #099ba3;"><a href="/ceak/alvorada-de-cristo/">CEAK Núcleo Alvorada de Cristo</a></span></h3>
<p>Manutenção em geral, artesanato, visita fraterna aos Lar dos Velhinhos.</p>
<h3><span style="color: #099ba3;"><a href="http://ceak.org.br/ee/" target="_blank" rel="noopener">EDUCANDÁRIO EURÍPEDES</a></span></h3>
<p>Montagem e entrega de cestas básicas, grupo de artesanato, grupo de costura, bazar beneficente.</p>
<h3><span style="color: #099ba3;"><a href="http://ceak.org.br/cavi/" target="_blank" rel="noopener">CAVI</a></span></h3>
<p>Grupo de costura, visita fraterna com entrega de cestas básicas, artesanato, berçário, montagem de enxovais, organização e limpeza.</p>
<h3><span style="color: #099ba3;"><a href="http://ceak.org.br/cgm/" target="_blank" rel="noopener">CRECHE GUSTAVO MARCONDES</a></span></h3>
<p>Bazar beneficente, manutenção em geral, eventos em empresas.</p>
<h3><span style="color: #099ba3;"><a href="http://ceak.org.br/iphc/" target="_blank" rel="noopener">IPHC</a></span></h3>
<p>Grupo de artesanato, bazar beneficente, dispensário de remédios, manutenção de equipamentos, entre outros.</p>
<h2>Outras Atividades</h2>
<p>Eventos em geral: campanhas da pizza, festa Junina, feira de artesanato, feira do livro, captação de recursos (nota fiscal paulista). As vagas para o trabalho voluntário são mediante disponibilidade.</p>
<p>Mais Informações: <a href="mailto:voluntarios@ceak.org.br">voluntarios@ceak.org.br</a> ou fone: <a href="tel:+551925148778">(19) 2514-8778</a></p>
<h3><a href="http://ceak.org.br/ceak/arquivos/manual-de-voluntarios.pdf">MANUAL DO VOLUNTÁRIO </a></h3>
[/vc_column_text][/vc_column][/vc_row][vc_row][vc_column][vc_empty_space height=&#8221;15px&#8221;][vc_separator][/vc_column][/vc_row]

[vc_row][vc_column][vc_column_text] Voluntariado [/vc_column_text][/vc_column][/vc_row][vc_row][vc_column width=&#8221;1/2&#8243;][vc_column_text]“A nossa felicidade será naturalmente proporcional em relação à felicidade que fizermos para os outros. ” &#8211; Allan Kardec O trabalho voluntário é, cada vez mais, uma via de mão dupla: não só generosidade e doação, mas também abertura para novas experiências, oportunidades de aprendizado, prazer em ser útil, criação de novos [&hellip;]
