{"id":552,"date":"2017-04-15T19:50:31","date_gmt":"2017-04-15T19:50:31","guid":{"rendered":"http:\/\/ceak.org.br\/ceak\/?page_id=552"},"modified":"2025-02-19T14:26:24","modified_gmt":"2025-02-19T17:26:24","slug":"alvorada-de-cristo","status":"publish","type":"page","link":"https:\/\/ceak.org.br\/ceak\/alvorada-de-cristo\/","title":{"rendered":"Alvorada de Cristo"},"content":{"rendered":"[vc_row][vc_column][vc_column_text]\n<h1>Alvorada de Cristo<\/h1>\n[\/vc_column_text][\/vc_column][\/vc_row][vc_row][vc_column width=&#8221;2\/3&#8243;][vc_column_text]O N\u00facleo Alvorada de Cristo \u00e9 o mais recente entre os endere\u00e7os de atendimento do CEAK. Inaugurado em 30 de agosto de 1996, completou 20 anos em 2016, localizado na Rua do Professor, 292, no Jardim Proen\u00e7a, em Campinas.[\/vc_column_text][vc_btn title=&#8221;Saiba como apoiar os trabalhos do Alvorada de Cristo&#8221; color=&#8221;turquoise&#8221; size=&#8221;lg&#8221; align=&#8221;left&#8221; i_icon_fontawesome=&#8221;fa fa-heart&#8221; add_icon=&#8221;true&#8221; link=&#8221;url:%2Fceak%2Fcomo-ajudar-nac%2F|||&#8221;][vc_column_text]A princ\u00edpio funcionavam somente as atividades medi\u00fanicas, com prele\u00e7\u00e3o evang\u00e9lica, passes ao p\u00fablico e reuni\u00f5es medi\u00fanicas privativas. Hoje, al\u00e9m dessas atividades de assist\u00eancia espiritual e cursos (como acontecem nos demais N\u00facleos do CEAK), o Alvorada de Cristo re\u00fane ainda uma s\u00e9rie de atividades para atendimento e suporte \u00e0 comunidade. Conhe\u00e7a algumas delas:[\/vc_column_text][\/vc_column][vc_column width=&#8221;1\/3&#8243;][vc_single_image image=&#8221;848&#8243; img_size=&#8221;500&#215;333&#8243; alignment=&#8221;center&#8221; onclick=&#8221;custom_link&#8221; img_link_target=&#8221;_blank&#8221; css_animation=&#8221;none&#8221; link=&#8221;http:\/\/www.allankardec.org.br\/busca\/encontro-marcado-sete-decadas-do-c-e-allan-kardec\/&#8221;][\/vc_column][\/vc_row][vc_row][vc_column][vc_empty_space height=&#8221;15px&#8221;][vc_separator][vc_empty_space height=&#8221;15px&#8221;][\/vc_column][\/vc_row][vc_row][vc_column width=&#8221;1\/2&#8243;][vc_column_text]\n<h2>Assist\u00eancia ao Idoso<\/h2>\n<p>Criado em 2000, o grupo tem como objetivo b\u00e1sico a realiza\u00e7\u00e3o de visitas aos idosos do Lar dos Velhinhos de Campinas, levando conforto espiritual, atrav\u00e9s do di\u00e1logo fraterno e amoroso. O grupo \u00e9 composto por cerca de 15 participantes.[\/vc_column_text][\/vc_column][vc_column width=&#8221;1\/2&#8243;][vc_single_image image=&#8221;558&#8243; img_size=&#8221;full&#8221; alignment=&#8221;center&#8221; onclick=&#8221;custom_link&#8221; img_link_target=&#8221;_blank&#8221; css_animation=&#8221;none&#8221; link=&#8221;http:\/\/ceak.org.br\/iphc\/&#8221;][\/vc_column][\/vc_row][vc_row][vc_column][vc_empty_space height=&#8221;15px&#8221;][vc_separator][vc_empty_space height=&#8221;15px&#8221;][\/vc_column][\/vc_row][vc_row][vc_column width=&#8221;1\/2&#8243;][vc_single_image image=&#8221;561&#8243; img_size=&#8221;full&#8221; alignment=&#8221;center&#8221; onclick=&#8221;custom_link&#8221; img_link_target=&#8221;_blank&#8221; css_animation=&#8221;none&#8221; link=&#8221;http:\/\/ceak.org.br\/ee\/&#8221;][\/vc_column][vc_column width=&#8221;1\/2&#8243;][vc_column_text]\n<h2>Artesanato<\/h2>\n<p>Um grupo formado por mais de 40 pessoas se re\u00fane todas as segundas-feiras, das 14hs \u00e0s 17h, para se dedicarem voluntariamente a produ\u00e7\u00e3o de artesanatos. Os produtos s\u00e3o comercializados frequentemente em bazares do pr\u00f3prio N\u00facleo Alvorada de Cristo e toda a renda com o artesanato \u00e9 revertida para\u00a0manuten\u00e7\u00e3o das instala\u00e7\u00f5es do pr\u00e9dio do\u00a0NAC.[\/vc_column_text][\/vc_column][\/vc_row][vc_row][vc_column][vc_empty_space height=&#8221;15px&#8221;][vc_separator][vc_empty_space height=&#8221;15px&#8221;][\/vc_column][\/vc_row][vc_row][vc_column width=&#8221;1\/2&#8243;][vc_column_text]\n<h2>Biblioteca e Livraria<\/h2>\n<p>Assim como em outras entidades vinculadas ao CEAK, o N\u00facleo possui uma biblioteca com obras esp\u00edritas para servir a seus frequentadores com o principal objetivo de disseminar a Doutrina Esp\u00edrita. Essa biblioteca leva o nome de \u201cLuiz Bargas\u201d, em homenagem ao dedicado militante esp\u00edrita, inspirador da doa\u00e7\u00e3o do primeiro pr\u00e9dio ao CEAK. O N\u00facleo disp\u00f5e tamb\u00e9m de uma livraria com exclusividade para comercializa\u00e7\u00e3o de obras esp\u00edritas a pre\u00e7os mais acess\u00edveis que os do mercado.[\/vc_column_text][\/vc_column][vc_column width=&#8221;1\/2&#8243;][vc_single_image image=&#8221;562&#8243; img_size=&#8221;full&#8221; alignment=&#8221;center&#8221; onclick=&#8221;custom_link&#8221; img_link_target=&#8221;_blank&#8221; css_animation=&#8221;none&#8221; link=&#8221;http:\/\/ceak.org.br\/iphc\/&#8221;][\/vc_column][\/vc_row][vc_row][vc_column][vc_empty_space height=&#8221;15px&#8221;][vc_separator][vc_empty_space height=&#8221;15px&#8221;][\/vc_column][\/vc_row][vc_row][vc_column][vc_column_text]Para saber sobre os dias e hor\u00e1rios de atendimento ao p\u00fablico (acolhimento fraterno, prele\u00e7\u00e3o e passes) no Alvorada de Cristo <a href=\"\/ceak\/assistencia-espiritual\/\">clique aqui <\/a><\/p>\n<p>Para conhecer os dias e hor\u00e1rios dispon\u00edveis para realiza\u00e7\u00e3o dos cursos b\u00e1sicos do CEAK oferecidos no N\u00facleo Alvorada de Cristo, <a href=\"\/ceak\/cursos\/\">clique aqui<\/a>[\/vc_column_text][vc_btn title=&#8221;Saiba como apoiar os trabalhos do Alvorada de Cristo&#8221; color=&#8221;turquoise&#8221; size=&#8221;lg&#8221; align=&#8221;left&#8221; i_icon_fontawesome=&#8221;fa fa-heart&#8221; add_icon=&#8221;true&#8221; link=&#8221;url:%2Fceak%2Fcomo-ajudar-nac%2F|||&#8221;][\/vc_column][\/vc_row][vc_row][vc_column][vc_empty_space height=&#8221;15px&#8221;][vc_separator][vc_empty_space height=&#8221;15px&#8221;][\/vc_column][\/vc_row][vc_row][vc_column][vc_column_text]\n<h2>Hist\u00f3rico<\/h2>\n<p>O N\u00facleo \u201cAlvorada de Cristo\u201d teve origem na Uni\u00e3o Esp\u00edrita \u201cAlvorada de Cristo\u201d, entidade que funcionava no pr\u00e9dio na d\u00e9cada de 70. Impossibilitados de continuarem suas tarefas, principalmente devido a falta de continuadores, o ent\u00e3o presidente Sr. Luiz Bargas resolveu cumprir o que recomendava o Estatuto: \u201cdoar o pr\u00e9dio a uma institui\u00e7\u00e3o esp\u00edrita id\u00f4nea que pudesse utiliz\u00e1-lo da melhor maneira poss\u00edvel, com a \u00fanica exig\u00eancia de que fosse conservado o nome \u201cALVORADA DE CRISTO\u201d. E assim foi feito em 1995.<\/p>\n<p>Ap\u00f3s reformas, foi inaugurado o N\u00facleo \u201cAlvorada de Cristo\u201d, do Centro Esp\u00edrita Allan Kardec (CEAK), no dia 31 de agosto de 1996. As atividades foram oficialmente iniciadas, logo a seguir, em 5 de setembro, coincidindo com o 58\u00ba anivers\u00e1rio do CEAK. O primeiro dirigente do N\u00facleo \u201cAlvorada de Cristo\u201d foi Alexandre Zambelo.[\/vc_column_text][\/vc_column][\/vc_row][vc_row][vc_column width=&#8221;1\/2&#8243;][vc_single_image image=&#8221;563&#8243; img_size=&#8221;full&#8221; alignment=&#8221;center&#8221; onclick=&#8221;custom_link&#8221; img_link_target=&#8221;_blank&#8221; css_animation=&#8221;none&#8221; link=&#8221;http:\/\/ceak.org.br\/ee\/&#8221;][\/vc_column][vc_column width=&#8221;1\/2&#8243;][vc_column_text]A cria\u00e7\u00e3o de diversas atividades atraiu para o N\u00facleo \u201cAlvorada de Cristo\u201d um n\u00famero cada vez maior de frequentadores, o que come\u00e7ou a provocar a necessidade de amplia\u00e7\u00e3o das instala\u00e7\u00f5es. Em 2003, surgiu a oportunidade de aquisi\u00e7\u00e3o de um terreno vizinho ao pr\u00e9dio original, pleiteado por Zambelo junto \u00e0 presid\u00eancia do CEAK, na ocasi\u00e3o era Daisy Jurgensen Machado, que reconheceu a necessidade de expans\u00e3o que surgiria para anos seguintes.<\/p>\n<p>Em 2005, a Arquiteta Ana Cl\u00e1udia Elias doou o projeto completo para a constru\u00e7\u00e3o do novo pr\u00e9dio e sua integra\u00e7\u00e3o com o pr\u00e9dio j\u00e1 existente. Ao final do mesmo ano, foi aprovada a obra para o in\u00edcio de 2006, mesmo sem todo o recurso para a execu\u00e7\u00e3o total do projeto em caixa. A expectativa era concluir pelo menos a primeira laje, para proporcionar um espa\u00e7o adicional que atendesse parte da demanda j\u00e1 existente.[\/vc_column_text][\/vc_column][\/vc_row][vc_row][vc_column][vc_empty_space height=&#8221;15px&#8221;][vc_separator][vc_empty_space height=&#8221;15px&#8221;][\/vc_column][\/vc_row][vc_row][vc_column width=&#8221;1\/2&#8243;][vc_column_text]Ao final de 2008, o novo pr\u00e9dio estava pronto gra\u00e7as ao esfor\u00e7o de todos, contribui\u00e7\u00f5es financeiras, de materiais e de profissionais inesperadas, e com a prote\u00e7\u00e3o do Plano Superior. Um ano depois, as duas instala\u00e7\u00f5es estavam integradas e pouco a pouco, de acordo com a prioridade e possibilidade financeira da entidade, os acabamentos foram finalizados de modo a propiciar para quem caminha pelo seu interior, o sentimento de muita paz e leveza, proporcionados pela transpar\u00eancia de seus ambientes e claridade muito viva.<\/p>\n<p>Alexandre Zambelo, ap\u00f3s 12 anos \u00e0 frente do Alvorada, saiu da dire\u00e7\u00e3o do n\u00facleo em 2008, e sob sua recomenda\u00e7\u00e3o, Ricardo Luiz Elias assumiu o cargo de Coordenador do \u201cAlvorada de Cristo\u201d, onde permanece at\u00e9 os dias atuais.<br \/>\n[\/vc_column_text][\/vc_column][vc_column width=&#8221;1\/2&#8243;][vc_single_image image=&#8221;564&#8243; img_size=&#8221;full&#8221; alignment=&#8221;center&#8221; onclick=&#8221;custom_link&#8221; img_link_target=&#8221;_blank&#8221; css_animation=&#8221;none&#8221; link=&#8221;http:\/\/ceak.org.br\/iphc\/&#8221;][\/vc_column][\/vc_row][vc_row][vc_column][vc_empty_space height=&#8221;15px&#8221;][vc_separator][\/vc_column][\/vc_row]\n","protected":false},"excerpt":{"rendered":"[vc_row][vc_column][vc_column_text] Alvorada de Cristo [\/vc_column_text][\/vc_column][\/vc_row][vc_row][vc_column width=&#8221;2\/3&#8243;][vc_column_text]O N\u00facleo Alvorada de Cristo \u00e9 o mais recente entre os endere\u00e7os de atendimento do CEAK. Inaugurado em 30 de agosto de 1996, completou 20 anos em 2016, localizado na Rua do Professor, 292, no Jardim Proen\u00e7a, em Campinas.[\/vc_column_text][vc_btn title=&#8221;Saiba como apoiar os trabalhos do Alvorada de Cristo&#8221; color=&#8221;turquoise&#8221; size=&#8221;lg&#8221; [&hellip;]\n","protected":false},"author":1,"featured_media":0,"parent":0,"menu_order":0,"comment_status":"closed","ping_status":"closed","template":"page-blank-container.php","meta":[],"_links":{"self":[{"href":"https:\/\/ceak.org.br\/ceak\/wp-json\/wp\/v2\/pages\/552"}],"collection":[{"href":"https:\/\/ceak.org.br\/ceak\/wp-json\/wp\/v2\/pages"}],"about":[{"href":"https:\/\/ceak.org.br\/ceak\/wp-json\/wp\/v2\/types\/page"}],"author":[{"embeddable":true,"href":"https:\/\/ceak.org.br\/ceak\/wp-json\/wp\/v2\/users\/1"}],"replies":[{"embeddable":true,"href":"https:\/\/ceak.org.br\/ceak\/wp-json\/wp\/v2\/comments?post=552"}],"version-history":[{"count":12,"href":"https:\/\/ceak.org.br\/ceak\/wp-json\/wp\/v2\/pages\/552\/revisions"}],"predecessor-version":[{"id":19365,"href":"https:\/\/ceak.org.br\/ceak\/wp-json\/wp\/v2\/pages\/552\/revisions\/19365"}],"wp:attachment":[{"href":"https:\/\/ceak.org.br\/ceak\/wp-json\/wp\/v2\/media?parent=552"}],"curies":[{"name":"wp","href":"https:\/\/api.w.org\/{rel}","templated":true}]}}

[vc_row][vc_column][vc_column_text]
<h1>Alvorada de Cristo</h1>
[/vc_column_text][/vc_column][/vc_row][vc_row][vc_column width=&#8221;2/3&#8243;][vc_column_text]O Núcleo Alvorada de Cristo é o mais recente entre os endereços de atendimento do CEAK. Inaugurado em 30 de agosto de 1996, completou 20 anos em 2016, localizado na Rua do Professor, 292, no Jardim Proença, em Campinas.[/vc_column_text][vc_btn title=&#8221;Saiba como apoiar os trabalhos do Alvorada de Cristo&#8221; color=&#8221;turquoise&#8221; size=&#8221;lg&#8221; align=&#8221;left&#8221; i_icon_fontawesome=&#8221;fa fa-heart&#8221; add_icon=&#8221;true&#8221; link=&#8221;url:%2Fceak%2Fcomo-ajudar-nac%2F|||&#8221;][vc_column_text]A princípio funcionavam somente as atividades mediúnicas, com preleção evangélica, passes ao público e reuniões mediúnicas privativas. Hoje, além dessas atividades de assistência espiritual e cursos (como acontecem nos demais Núcleos do CEAK), o Alvorada de Cristo reúne ainda uma série de atividades para atendimento e suporte à comunidade. Conheça algumas delas:[/vc_column_text][/vc_column][vc_column width=&#8221;1/3&#8243;][vc_single_image image=&#8221;848&#8243; img_size=&#8221;500&#215;333&#8243; alignment=&#8221;center&#8221; onclick=&#8221;custom_link&#8221; img_link_target=&#8221;_blank&#8221; css_animation=&#8221;none&#8221; link=&#8221;http://www.allankardec.org.br/busca/encontro-marcado-sete-decadas-do-c-e-allan-kardec/&#8221;][/vc_column][/vc_row][vc_row][vc_column][vc_empty_space height=&#8221;15px&#8221;][vc_separator][vc_empty_space height=&#8221;15px&#8221;][/vc_column][/vc_row][vc_row][vc_column width=&#8221;1/2&#8243;][vc_column_text]
<h2>Assistência ao Idoso</h2>
<p>Criado em 2000, o grupo tem como objetivo básico a realização de visitas aos idosos do Lar dos Velhinhos de Campinas, levando conforto espiritual, através do diálogo fraterno e amoroso. O grupo é composto por cerca de 15 participantes.[/vc_column_text][/vc_column][vc_column width=&#8221;1/2&#8243;][vc_single_image image=&#8221;558&#8243; img_size=&#8221;full&#8221; alignment=&#8221;center&#8221; onclick=&#8221;custom_link&#8221; img_link_target=&#8221;_blank&#8221; css_animation=&#8221;none&#8221; link=&#8221;http://ceak.org.br/iphc/&#8221;][/vc_column][/vc_row][vc_row][vc_column][vc_empty_space height=&#8221;15px&#8221;][vc_separator][vc_empty_space height=&#8221;15px&#8221;][/vc_column][/vc_row][vc_row][vc_column width=&#8221;1/2&#8243;][vc_single_image image=&#8221;561&#8243; img_size=&#8221;full&#8221; alignment=&#8221;center&#8221; onclick=&#8221;custom_link&#8221; img_link_target=&#8221;_blank&#8221; css_animation=&#8221;none&#8221; link=&#8221;http://ceak.org.br/ee/&#8221;][/vc_column][vc_column width=&#8221;1/2&#8243;][vc_column_text]
<h2>Artesanato</h2>
<p>Um grupo formado por mais de 40 pessoas se reúne todas as segundas-feiras, das 14hs às 17h, para se dedicarem voluntariamente a produção de artesanatos. Os produtos são comercializados frequentemente em bazares do próprio Núcleo Alvorada de Cristo e toda a renda com o artesanato é revertida para manutenção das instalações do prédio do NAC.[/vc_column_text][/vc_column][/vc_row][vc_row][vc_column][vc_empty_space height=&#8221;15px&#8221;][vc_separator][vc_empty_space height=&#8221;15px&#8221;][/vc_column][/vc_row][vc_row][vc_column width=&#8221;1/2&#8243;][vc_column_text]
<h2>Biblioteca e Livraria</h2>
<p>Assim como em outras entidades vinculadas ao CEAK, o Núcleo possui uma biblioteca com obras espíritas para servir a seus frequentadores com o principal objetivo de disseminar a Doutrina Espírita. Essa biblioteca leva o nome de “Luiz Bargas”, em homenagem ao dedicado militante espírita, inspirador da doação do primeiro prédio ao CEAK. O Núcleo dispõe também de uma livraria com exclusividade para comercialização de obras espíritas a preços mais acessíveis que os do mercado.[/vc_column_text][/vc_column][vc_column width=&#8221;1/2&#8243;][vc_single_image image=&#8221;562&#8243; img_size=&#8221;full&#8221; alignment=&#8221;center&#8221; onclick=&#8221;custom_link&#8221; img_link_target=&#8221;_blank&#8221; css_animation=&#8221;none&#8221; link=&#8221;http://ceak.org.br/iphc/&#8221;][/vc_column][/vc_row][vc_row][vc_column][vc_empty_space height=&#8221;15px&#8221;][vc_separator][vc_empty_space height=&#8221;15px&#8221;][/vc_column][/vc_row][vc_row][vc_column][vc_column_text]Para saber sobre os dias e horários de atendimento ao público (acolhimento fraterno, preleção e passes) no Alvorada de Cristo <a href="/ceak/assistencia-espiritual/">clique aqui </a></p>
<p>Para conhecer os dias e horários disponíveis para realização dos cursos básicos do CEAK oferecidos no Núcleo Alvorada de Cristo, <a href="/ceak/cursos/">clique aqui</a>[/vc_column_text][vc_btn title=&#8221;Saiba como apoiar os trabalhos do Alvorada de Cristo&#8221; color=&#8221;turquoise&#8221; size=&#8221;lg&#8221; align=&#8221;left&#8221; i_icon_fontawesome=&#8221;fa fa-heart&#8221; add_icon=&#8221;true&#8221; link=&#8221;url:%2Fceak%2Fcomo-ajudar-nac%2F|||&#8221;][/vc_column][/vc_row][vc_row][vc_column][vc_empty_space height=&#8221;15px&#8221;][vc_separator][vc_empty_space height=&#8221;15px&#8221;][/vc_column][/vc_row][vc_row][vc_column][vc_column_text]
<h2>Histórico</h2>
<p>O Núcleo “Alvorada de Cristo” teve origem na União Espírita “Alvorada de Cristo”, entidade que funcionava no prédio na década de 70. Impossibilitados de continuarem suas tarefas, principalmente devido a falta de continuadores, o então presidente Sr. Luiz Bargas resolveu cumprir o que recomendava o Estatuto: “doar o prédio a uma instituição espírita idônea que pudesse utilizá-lo da melhor maneira possível, com a única exigência de que fosse conservado o nome “ALVORADA DE CRISTO”. E assim foi feito em 1995.</p>
<p>Após reformas, foi inaugurado o Núcleo “Alvorada de Cristo”, do Centro Espírita Allan Kardec (CEAK), no dia 31 de agosto de 1996. As atividades foram oficialmente iniciadas, logo a seguir, em 5 de setembro, coincidindo com o 58º aniversário do CEAK. O primeiro dirigente do Núcleo “Alvorada de Cristo” foi Alexandre Zambelo.[/vc_column_text][/vc_column][/vc_row][vc_row][vc_column width=&#8221;1/2&#8243;][vc_single_image image=&#8221;563&#8243; img_size=&#8221;full&#8221; alignment=&#8221;center&#8221; onclick=&#8221;custom_link&#8221; img_link_target=&#8221;_blank&#8221; css_animation=&#8221;none&#8221; link=&#8221;http://ceak.org.br/ee/&#8221;][/vc_column][vc_column width=&#8221;1/2&#8243;][vc_column_text]A criação de diversas atividades atraiu para o Núcleo “Alvorada de Cristo” um número cada vez maior de frequentadores, o que começou a provocar a necessidade de ampliação das instalações. Em 2003, surgiu a oportunidade de aquisição de um terreno vizinho ao prédio original, pleiteado por Zambelo junto à presidência do CEAK, na ocasião era Daisy Jurgensen Machado, que reconheceu a necessidade de expansão que surgiria para anos seguintes.</p>
<p>Em 2005, a Arquiteta Ana Cláudia Elias doou o projeto completo para a construção do novo prédio e sua integração com o prédio já existente. Ao final do mesmo ano, foi aprovada a obra para o início de 2006, mesmo sem todo o recurso para a execução total do projeto em caixa. A expectativa era concluir pelo menos a primeira laje, para proporcionar um espaço adicional que atendesse parte da demanda já existente.[/vc_column_text][/vc_column][/vc_row][vc_row][vc_column][vc_empty_space height=&#8221;15px&#8221;][vc_separator][vc_empty_space height=&#8221;15px&#8221;][/vc_column][/vc_row][vc_row][vc_column width=&#8221;1/2&#8243;][vc_column_text]Ao final de 2008, o novo prédio estava pronto graças ao esforço de todos, contribuições financeiras, de materiais e de profissionais inesperadas, e com a proteção do Plano Superior. Um ano depois, as duas instalações estavam integradas e pouco a pouco, de acordo com a prioridade e possibilidade financeira da entidade, os acabamentos foram finalizados de modo a propiciar para quem caminha pelo seu interior, o sentimento de muita paz e leveza, proporcionados pela transparência de seus ambientes e claridade muito viva.</p>
<p>Alexandre Zambelo, após 12 anos à frente do Alvorada, saiu da direção do núcleo em 2008, e sob sua recomendação, Ricardo Luiz Elias assumiu o cargo de Coordenador do “Alvorada de Cristo”, onde permanece até os dias atuais.<br />
[/vc_column_text][/vc_column][vc_column width=&#8221;1/2&#8243;][vc_single_image image=&#8221;564&#8243; img_size=&#8221;full&#8221; alignment=&#8221;center&#8221; onclick=&#8221;custom_link&#8221; img_link_target=&#8221;_blank&#8221; css_animation=&#8221;none&#8221; link=&#8221;http://ceak.org.br/iphc/&#8221;][/vc_column][/vc_row][vc_row][vc_column][vc_empty_space height=&#8221;15px&#8221;][vc_separator][/vc_column][/vc_row]

[vc_row][vc_column][vc_column_text] Alvorada de Cristo [/vc_column_text][/vc_column][/vc_row][vc_row][vc_column width=&#8221;2/3&#8243;][vc_column_text]O Núcleo Alvorada de Cristo é o mais recente entre os endereços de atendimento do CEAK. Inaugurado em 30 de agosto de 1996, completou 20 anos em 2016, localizado na Rua do Professor, 292, no Jardim Proença, em Campinas.[/vc_column_text][vc_btn title=&#8221;Saiba como apoiar os trabalhos do Alvorada de Cristo&#8221; color=&#8221;turquoise&#8221; size=&#8221;lg&#8221; [&hellip;]
