{"id":661,"date":"2017-06-14T23:16:05","date_gmt":"2017-06-14T23:16:05","guid":{"rendered":"http:\/\/ceak.org.br\/ceak\/?page_id=661"},"modified":"2026-03-15T10:24:05","modified_gmt":"2026-03-15T13:24:05","slug":"nucleos-doutrinarios","status":"publish","type":"page","link":"https:\/\/ceak.org.br\/ceak\/nucleos-doutrinarios\/","title":{"rendered":"N\u00facleos Doutrin\u00e1rios"},"content":{"rendered":"[vc_row][vc_column][vc_column_text]\n<h1>N\u00facleos Doutrin\u00e1rios<\/h1>\n[\/vc_column_text][\/vc_column][\/vc_row][vc_row][vc_column width=&#8221;1\/2&#8243;][vc_column_text]Al\u00e9m das obras assistenciais desenvolvidas pelos seus departamentos, desde sua funda\u00e7\u00e3o o CEAK se dedica fundamentalmente ao estudo e divulga\u00e7\u00e3o da doutrina esp\u00edrita. Para isso, atribui aos seus N\u00facleos todo esse estudo, atrav\u00e9s de cursos, semin\u00e1rios e tamb\u00e9m assist\u00eancia espiritual, por meio de exposi\u00e7\u00f5es sobre temas do evangelho \u00e0 luz do espiritismo e a aplica\u00e7\u00e3o de passes. Os N\u00facleos est\u00e3o localizados nos pr\u00e9dios de alguns dos seus departamentos e se dedicam exclusivamente \u00e0 parte doutrin\u00e1ria, ao estudo e divulga\u00e7\u00e3o do espiritismo, enquanto que os departamentos est\u00e3o voltados \u00e0s obras assist\u00eancias.<\/p>\n<p>Vale ressaltar que no CEAK Sede, localizado na Rua Irm\u00e3 Serafina, tamb\u00e9m s\u00e3o oferecidos os cursos e trabalhos de assist\u00eancia espiritual. Saiba mais em <a href=\"\/ceak\/cursos\/\">cursos<\/a>, <a href=\"\/ceak\/assistencia-espiritual\/\">assist\u00eancia espiritual<\/a> e <a href=\"\/ceak\/educacao-espirita\/\">educa\u00e7\u00e3o esp\u00edrita<\/a>.<br \/>\n[\/vc_column_text][\/vc_column][vc_column width=&#8221;1\/2&#8243;][vc_single_image image=&#8221;21212&#8243; img_size=&#8221;full&#8221; alignment=&#8221;right&#8221; style=&#8221;vc_box_shadow_3d&#8221; css_animation=&#8221;none&#8221;][\/vc_column][\/vc_row][vc_row][vc_column][vc_empty_space height=&#8221;15px&#8221;][vc_separator][vc_empty_space height=&#8221;15px&#8221;][\/vc_column][\/vc_row][vc_row][vc_column][vc_column_text]\n<h1><span style=\"color: #099ba3;\">S\u00c3O\u00a0TR\u00caS\u00a0N\u00daCLEOS A SABER:<\/span><\/h1>\n[\/vc_column_text][\/vc_column][\/vc_row][vc_row][vc_column][vc_empty_space height=&#8221;15px&#8221;][vc_separator][vc_empty_space height=&#8221;15px&#8221;][\/vc_column][\/vc_row][vc_row][vc_column width=&#8221;1\/2&#8243;][vc_column_text]\n<h4><span style=\"color: #099ba3;\"> CEAK N\u00facleo Vila Nova <\/span><\/h4>\n<p>Localizado no pr\u00e9dio do departamento Educand\u00e1rio Eur\u00edpedes\/Creche M\u00e3e Lu\u00edza, no bairro Vila Nova, este N\u00facleo disponibiliza os cursos Inicia\u00e7\u00e3o ao Espiritismo, Estudos sobre Mediunidade, Reuni\u00f5es Medi\u00fanicas, Estudos Complementares, Passes e Fluidoterapia e Estudos Interativos das Obras B\u00e1sicas (EIOB). Para consultar as datas e hor\u00e1rios dos cursos <a href=\"\/ceak\/cursos\/\">clique aqui<\/a>.<\/p>\n<p>Para conhecer os hor\u00e1rios de passes e prele\u00e7\u00f5es oferecidos no N\u00facleo Vila Nova, <a href=\"\/ceak\/assistencia-espiritual\/\">clique aqui<\/a>.<\/p>\n<p>O N\u00facleo oferece ainda Educa\u00e7\u00e3o Esp\u00edrita para crian\u00e7as e re\u00fane grupos da Mocidade Esp\u00edrita. <a href=\"\/ceak\/educacao-espirita\/\">Clique aqui<\/a> e conhe\u00e7a sobre esses trabalhos, datas e hor\u00e1rios dispon\u00edveis.[\/vc_column_text][\/vc_column][vc_column width=&#8221;1\/2&#8243;][vc_gmaps link=&#8221;#E-8_JTNDaWZyYW1lJTIwc3JjJTNEJTIyaHR0cHMlM0ElMkYlMkZ3d3cuZ29vZ2xlLmNvbSUyRm1hcHMlMkZlbWJlZCUzRnBiJTNEJTIxMW0xOCUyMTFtMTIlMjExbTMlMjExZDM2NzYuMTEyMjU3NDAzNzcxMyUyMTJkLTQ3LjA3MTY2Nzc4NTI0MTU3JTIxM2QtMjIuODcyMzExMTg1MDI5MjclMjEybTMlMjExZjAlMjEyZjAlMjEzZjAlMjEzbTIlMjExaTEwMjQlMjEyaTc2OCUyMTRmMTMuMSUyMTNtMyUyMTFtMiUyMTFzMHg5NGM4YzY2ZDE0YTE2YmI3JTI1M0EweDJmMGZmMDhmZWI0MTUwMGUlMjEyc0F2LiUyQkRyLiUyQlRoZW9kdXJldG8lMkJkZSUyQkFsbWVpZGElMkJDYW1hcmdvJTI1MkMlMkI3NTAlMkItJTJCVmlsYSUyQk5vdmElMjUyQyUyQkNhbXBpbmFzJTJCLSUyQlNQJTI1MkMlMkIxMzA3NS02MzAlMjE1ZTAlMjEzbTIlMjExc3B0LUJSJTIxMnNiciUyMTR2MTQ4NzgzMjAzNjk2MCUyMiUyMHdpZHRoJTNEJTIyNjAwJTIyJTIwaGVpZ2h0JTNEJTIyMzUwJTIyJTIwZnJhbWVib3JkZXIlM0QlMjIwJTIyJTIwc3R5bGUlM0QlMjJib3JkZXIlM0EwJTIyJTIwYWxsb3dmdWxsc2NyZWVuJTNFJTNDJTJGaWZyYW1lJTNF&#8221;][\/vc_column][\/vc_row][vc_row][vc_column][vc_empty_space height=&#8221;15px&#8221;][vc_separator][vc_empty_space height=&#8221;15px&#8221;][\/vc_column][\/vc_row][vc_row][vc_column width=&#8221;1\/2&#8243;][vc_column_text]\n<h4><span style=\"color: #099ba3;\"> CEAK &#8211; N\u00facleo Sousas <\/span><\/h4>\n<p>Localizado no pr\u00e9dio da Creche Gustavo Marcondes, em Sousas, este N\u00facleo oferece os cursos Inicia\u00e7\u00e3o ao Espiritismo, Estudos sobre Mediunidade, Reuni\u00f5es Medi\u00fanicas e Estudos Complementares. Para consultar as datas e hor\u00e1rios dos cursos <a href=\"\/ceak\/cursos\/\">clique aqui<\/a>.<\/p>\n<p>Para conhecer os hor\u00e1rios de passes e prele\u00e7\u00f5es oferecidos no N\u00facleo Sousas, <a href=\"\/ceak\/assistencia-espiritual\/\">clique aqui<\/a>.<\/p>\n<p>O N\u00facleo oferece ainda Educa\u00e7\u00e3o Esp\u00edrita para crian\u00e7as e re\u00fane grupos da Mocidade Esp\u00edrita. <a href=\"\/ceak\/educacao-espirita\/\">Clique aqui<\/a> e conhe\u00e7a sobre esses trabalhos, datas e hor\u00e1rios dispon\u00edveis. [\/vc_column_text][\/vc_column][vc_column width=&#8221;1\/2&#8243;][vc_gmaps link=&#8221;#E-8_JTNDaWZyYW1lJTIwc3JjJTNEJTIyaHR0cHMlM0ElMkYlMkZ3d3cuZ29vZ2xlLmNvbSUyRm1hcHMlMkZlbWJlZCUzRnBiJTNEJTIxMW0xOCUyMTFtMTIlMjExbTMlMjExZDM2NzUuNzE4MDU0ODg4MDI2JTIxMmQtNDYuOTY4NDk4Nzg1MzE1MjM0JTIxM2QtMjIuODg2ODcxMzg1MDIxOTglMjEybTMlMjExZjAlMjEyZjAlMjEzZjAlMjEzbTIlMjExaTEwMjQlMjEyaTc2OCUyMTRmMTMuMSUyMTNtMyUyMTFtMiUyMTFzMHg5NGM4ZDAzYTFiZTdjNjNmJTI1M0EweGM2ZDE0MTYyMDk3NDAxNTAlMjEyc0F2LiUyQkRvbmElMkJNYXJpYSUyQkZyYW5jbyUyQlNhbGdhZG8lMjUyQyUyQjg4MSUyQi0lMkJKYXJkaW0lMkJCb3QlMjVDMyUyNUEybmljbyUyQiUyOFNvdXNhcyUyOSUyNTJDJTJCQ2FtcGluYXMlMkItJTJCU1AlMjE1ZTAlMjEzbTIlMjExc3B0LUJSJTIxMnNiciUyMTR2MTU1MTMxMzE0MzM1MSUyMiUyMHdpZHRoJTNEJTIyNjAwJTIyJTIwaGVpZ2h0JTNEJTIyMzIwJTIyJTIwZnJhbWVib3JkZXIlM0QlMjIwJTIyJTIwc3R5bGUlM0QlMjJib3JkZXIlM0EwJTIyJTIwYWxsb3dmdWxsc2NyZWVuJTNFJTNDJTJGaWZyYW1lJTNF&#8221;][\/vc_column][\/vc_row][vc_row][vc_column][vc_empty_space height=&#8221;15px&#8221;][vc_separator][vc_empty_space height=&#8221;15px&#8221;][\/vc_column][\/vc_row][vc_row][vc_column width=&#8221;1\/2&#8243;][vc_column_text]\n<h4><span style=\"color: #099ba3;\"> CEAK &#8211; N\u00facleo Alvorada de Cristo <\/span><\/h4>\n<p>O mais novo de todos os N\u00facleos, localizado no bairro Proen\u00e7a, o Alvorada de Cristo n\u00e3o possui um departamento associado a ele, mas presta in\u00fameros servi\u00e7os de assist\u00eancia social. <a href=\"\/ceak\/alvorada-de-cristo\/\">Conhe\u00e7a mais sobre os trabalhos do N\u00facleo Alvorada de Cristo aqui<\/a>.<\/p>\n<p>Assim como os demais, o Alvorada de Cristo tamb\u00e9m oferece os cursos Inicia\u00e7\u00e3o ao Espiritismo, Estudos sobre Mediunidade, Reuni\u00f5es Medi\u00fanicas e Estudos Complementares. Para consultar as datas e hor\u00e1rios dos cursos <a href=\"\/ceak\/cursos\/\">clique aqui<\/a>.<\/p>\n<p>Para conhecer os hor\u00e1rios de passes e prele\u00e7\u00f5es oferecidos no N\u00facleo Alvorada de Cristo, <a href=\"\/ceak\/assistencia-espiritual\/\">clique aqui<\/a>.<\/p>\n<p>O Alvorada de Cristo oferece ainda Educa\u00e7\u00e3o Esp\u00edrita para crian\u00e7as e re\u00fane grupos da Mocidade Esp\u00edrita. <a href=\"\/ceak\/educacao-espirita\/\">Clique aqui<\/a> e conhe\u00e7a sobre esses trabalhos, datas e hor\u00e1rios dispon\u00edveis. [\/vc_column_text][\/vc_column][vc_column width=&#8221;1\/2&#8243;][vc_gmaps link=&#8221;#E-8_JTNDaWZyYW1lJTIwc3JjJTNEJTIyaHR0cHMlM0ElMkYlMkZ3d3cuZ29vZ2xlLmNvbSUyRm1hcHMlMkZlbWJlZCUzRnBiJTNEJTIxMW0xOCUyMTFtMTIlMjExbTMlMjExZDM2NzQuNzc3MTEwMjYzMTMzNiUyMTJkLTQ3LjA0NDcxMDU4NTI0MDU0JTIxM2QtMjIuOTIxNTkwNTg1MDA0MzE3JTIxMm0zJTIxMWYwJTIxMmYwJTIxM2YwJTIxM20yJTIxMWkxMDI0JTIxMmk3NjglMjE0ZjEzLjElMjEzbTMlMjExbTIlMjExczB4OTRjOGNmMjBiZmY4NGQ1YiUyNTNBMHg1NDU4MGYxZTBiZTY5NTY1JTIxMnNSLiUyQmRvJTJCUHJvZi4lMjUyQyUyQjI5MiUyQi0lMkJKYXJkaW0lMkJQcm9lbmNhJTJCSSUyNTJDJTJCQ2FtcGluYXMlMkItJTJCU1AlMjUyQyUyQjEzMTAwLTQyMCUyMTVlMCUyMTNtMiUyMTFzcHQtQlIlMjEyc2JyJTIxNHYxNDg3ODMyNjg4NTIwJTIyJTIwd2lkdGglM0QlMjI2MDAlMjIlMjBoZWlnaHQlM0QlMjIzMjAlMjIlMjBmcmFtZWJvcmRlciUzRCUyMjAlMjIlMjBzdHlsZSUzRCUyMmJvcmRlciUzQTAlMjIlMjBhbGxvd2Z1bGxzY3JlZW4lM0UlM0MlMkZpZnJhbWUlM0U=&#8221;][\/vc_column][\/vc_row][vc_row][vc_column][vc_empty_space height=&#8221;15px&#8221;][vc_separator][vc_empty_space height=&#8221;15px&#8221;][\/vc_column][\/vc_row]\n","protected":false},"excerpt":{"rendered":"[vc_row][vc_column][vc_column_text] N\u00facleos Doutrin\u00e1rios [\/vc_column_text][\/vc_column][\/vc_row][vc_row][vc_column width=&#8221;1\/2&#8243;][vc_column_text]Al\u00e9m das obras assistenciais desenvolvidas pelos seus departamentos, desde sua funda\u00e7\u00e3o o CEAK se dedica fundamentalmente ao estudo e divulga\u00e7\u00e3o da doutrina esp\u00edrita. Para isso, atribui aos seus N\u00facleos todo esse estudo, atrav\u00e9s de cursos, semin\u00e1rios e tamb\u00e9m assist\u00eancia espiritual, por meio de exposi\u00e7\u00f5es sobre temas do evangelho \u00e0 luz do [&hellip;]\n","protected":false},"author":1,"featured_media":0,"parent":0,"menu_order":0,"comment_status":"closed","ping_status":"closed","template":"page-blank-container.php","meta":[],"_links":{"self":[{"href":"https:\/\/ceak.org.br\/ceak\/wp-json\/wp\/v2\/pages\/661"}],"collection":[{"href":"https:\/\/ceak.org.br\/ceak\/wp-json\/wp\/v2\/pages"}],"about":[{"href":"https:\/\/ceak.org.br\/ceak\/wp-json\/wp\/v2\/types\/page"}],"author":[{"embeddable":true,"href":"https:\/\/ceak.org.br\/ceak\/wp-json\/wp\/v2\/users\/1"}],"replies":[{"embeddable":true,"href":"https:\/\/ceak.org.br\/ceak\/wp-json\/wp\/v2\/comments?post=661"}],"version-history":[{"count":3,"href":"https:\/\/ceak.org.br\/ceak\/wp-json\/wp\/v2\/pages\/661\/revisions"}],"predecessor-version":[{"id":21224,"href":"https:\/\/ceak.org.br\/ceak\/wp-json\/wp\/v2\/pages\/661\/revisions\/21224"}],"wp:attachment":[{"href":"https:\/\/ceak.org.br\/ceak\/wp-json\/wp\/v2\/media?parent=661"}],"curies":[{"name":"wp","href":"https:\/\/api.w.org\/{rel}","templated":true}]}}