{"id":740,"date":"2017-07-04T01:01:49","date_gmt":"2017-07-04T01:01:49","guid":{"rendered":"http:\/\/ceak.org.br\/ceak\/?page_id=740"},"modified":"2017-12-14T04:07:56","modified_gmt":"2017-12-14T04:07:56","slug":"palestras-em-video","status":"publish","type":"page","link":"https:\/\/ceak.org.br\/ceak\/palestras-em-video\/","title":{"rendered":"Palestras em V\u00eddeo"},"content":{"rendered":"[vc_row][vc_column][vc_column_text]\n<h1>Palestras<\/h1>\n[\/vc_column_text][\/vc_column][\/vc_row][vc_row][vc_column width=&#8221;1\/2&#8243;][vc_column_text]Visite o <a href=\"https:\/\/www.youtube.com\/channel\/UCyLUCXKNFSBgpdKV5ST-ajA\/videos\" target=\"_blank\" rel=\"noopener\">canal do CEAK no Youtube<\/a>, inscreva-se e tenha acesso a todo o conte\u00fado dos cursos, palestras e eventos.<\/p>\n<p>N\u00e3o esque\u00e7a de clicar no \u00edcone representado por um sino (canto superior a direita) para ser notificado a cada v\u00eddeo novo!<\/p>\n<p>Esperamos por voc\u00ea!<\/p>\n[\/vc_column_text][vc_empty_space][vc_btn title=&#8221;ACESSE NOSSO CANAL&#8221; color=&#8221;danger&#8221; size=&#8221;lg&#8221; i_icon_fontawesome=&#8221;fa fa-youtube&#8221; add_icon=&#8221;true&#8221; link=&#8221;url:https%3A%2F%2Fwww.youtube.com%2Fchannel%2FUCyLUCXKNFSBgpdKV5ST-ajA%2Fvideos||target:%20_blank|&#8221;][\/vc_column][vc_column width=&#8221;1\/2&#8243;][vc_single_image image=&#8221;1425&#8243; img_size=&#8221;full&#8221; alignment=&#8221;right&#8221; style=&#8221;vc_box_shadow_3d&#8221; onclick=&#8221;custom_link&#8221; img_link_target=&#8221;_blank&#8221; link=&#8221;https:\/\/www.youtube.com\/channel\/UCyLUCXKNFSBgpdKV5ST-ajA\/videos&#8221;][\/vc_column][\/vc_row]\n","protected":false},"excerpt":{"rendered":"[vc_row][vc_column][vc_column_text] Palestras [\/vc_column_text][\/vc_column][\/vc_row][vc_row][vc_column width=&#8221;1\/2&#8243;][vc_column_text]Visite o canal do CEAK no Youtube, inscreva-se e tenha acesso a todo o conte\u00fado dos cursos, palestras e eventos. N\u00e3o esque\u00e7a de clicar no \u00edcone representado por um sino (canto superior a direita) para ser notificado a cada v\u00eddeo novo! Esperamos por voc\u00ea! [\/vc_column_text][vc_empty_space][vc_btn title=&#8221;ACESSE NOSSO CANAL&#8221; color=&#8221;danger&#8221; size=&#8221;lg&#8221; i_icon_fontawesome=&#8221;fa fa-youtube&#8221; [&hellip;]\n","protected":false},"author":1,"featured_media":0,"parent":0,"menu_order":0,"comment_status":"closed","ping_status":"closed","template":"page-blank-container.php","meta":[],"_links":{"self":[{"href":"https:\/\/ceak.org.br\/ceak\/wp-json\/wp\/v2\/pages\/740"}],"collection":[{"href":"https:\/\/ceak.org.br\/ceak\/wp-json\/wp\/v2\/pages"}],"about":[{"href":"https:\/\/ceak.org.br\/ceak\/wp-json\/wp\/v2\/types\/page"}],"author":[{"embeddable":true,"href":"https:\/\/ceak.org.br\/ceak\/wp-json\/wp\/v2\/users\/1"}],"replies":[{"embeddable":true,"href":"https:\/\/ceak.org.br\/ceak\/wp-json\/wp\/v2\/comments?post=740"}],"version-history":[{"count":0,"href":"https:\/\/ceak.org.br\/ceak\/wp-json\/wp\/v2\/pages\/740\/revisions"}],"wp:attachment":[{"href":"https:\/\/ceak.org.br\/ceak\/wp-json\/wp\/v2\/media?parent=740"}],"curies":[{"name":"wp","href":"https:\/\/api.w.org\/{rel}","templated":true}]}}