{"id":260,"date":"2016-10-27T22:37:00","date_gmt":"2016-10-27T22:37:00","guid":{"rendered":"http:\/\/ceak.own.com.br\/cgm\/?page_id=260"},"modified":"2024-07-22T18:20:24","modified_gmt":"2024-07-22T18:20:24","slug":"como-ajudar","status":"publish","type":"page","link":"https:\/\/ceak.org.br\/cgm\/como-ajudar\/","title":{"rendered":"COMO AJUDAR"},"content":{"rendered":"[vc_row][vc_column][vc_empty_space][vc_separator][\/vc_column][\/vc_row][vc_row][vc_column][vc_column_text]\n<h1><span style=\"color: #f8991d;\">Como\u00a0ajudar<\/span><\/h1>\n[\/vc_column_text][\/vc_column][\/vc_row][vc_row][vc_column][vc_column_text]\n<h2>Existem diversas maneiras para se colaborar com a Creche Gustavo Marcondes.<\/h2>\n<p>Os interessados podem se associar contribuindo com um valor mensal ou ainda efetuar doa\u00e7\u00f5es pontuais de produtos de extrema necessidade.<\/p>\n<p>Veja como apoiar os trabalhos da Creche Gustavo Marcondes:[\/vc_column_text][\/vc_column][\/vc_row][vc_row][vc_column][vc_empty_space height=&#8221;15px&#8221;][vc_separator][vc_empty_space height=&#8221;15px&#8221;][\/vc_column][\/vc_row][vc_row disable_element=&#8221;yes&#8221;][vc_column][vc_column_text]\n<h2><img src=\"http:\/\/ceak.org.br\/cavi\/wp-content\/uploads\/2017\/02\/HEART-BEATING-PINK-50.gif\" \/>Sendo um associado contribuinte<\/h2>\n<p>Atrav\u00e9s de uma contribui\u00e7\u00e3o mensal,\u00a0utilizando seu cart\u00e3o de credito, voc\u00ea pode ser um associado e apoiar os trabalhos da Creche Gustavo Marcondes. <strong>A doa\u00e7\u00e3o ser\u00e1 descontada automaticamente do seu cart\u00e3o de cr\u00e9dito mensalmente.<\/strong><\/p>\n[\/vc_column_text][vc_single_image image=&#8221;462&#8243; img_size=&#8221;200&#215;35&#8243;][\/vc_column][\/vc_row][vc_row disable_element=&#8221;yes&#8221;][vc_column width=&#8221;1\/6&#8243;][vc_btn title=&#8221;<strong>R$ 10,00<\/strong>&#8221; style=&#8221;custom&#8221; custom_background=&#8221;#848484&#8243; custom_text=&#8221;#ffffff&#8221; align=&#8221;center&#8221; i_icon_fontawesome=&#8221;fa fa-heart&#8221; css_animation=&#8221;bottom-to-top&#8221; button_block=&#8221;true&#8221; add_icon=&#8221;true&#8221; link=&#8221;url:https%3A%2F%2Fapp.vindi.com.br%2Fcustomer%2Fpages%2F47c24f28-e6d5-407f-99fd-1881ab2ab835%2Fsubscriptions%2Fnew|title:Obrigado%20pela%20sua%20doa%C3%A7%C3%A3o%20mensal%20de%20R%24%2010%2C00!|target:%20_blank|rel:nofollow&#8221;][\/vc_column][vc_column width=&#8221;1\/6&#8243;][vc_btn title=&#8221;<strong>R$ 20,00<\/strong>&#8221; style=&#8221;custom&#8221; custom_background=&#8221;#ed1c24&#8243; custom_text=&#8221;#ffffff&#8221; align=&#8221;center&#8221; i_icon_fontawesome=&#8221;fa fa-heart&#8221; css_animation=&#8221;bottom-to-top&#8221; button_block=&#8221;true&#8221; add_icon=&#8221;true&#8221; link=&#8221;url:https%3A%2F%2Fapp.vindi.com.br%2Fcustomer%2Fpages%2Fda75d3dc-3fb3-48c1-9c12-acea5d91e2f6%2Fsubscriptions%2Fnew|title:Obrigado%20pela%20sua%20doa%C3%A7%C3%A3o%20mensal%20de%20R%24%2020%2C00!|target:%20_blank|rel:nofollow&#8221;][\/vc_column][vc_column width=&#8221;1\/6&#8243;][vc_btn title=&#8221;<strong>R$ 30,00<\/strong>&#8221; style=&#8221;custom&#8221; custom_background=&#8221;#5bc8e0&#8243; custom_text=&#8221;#ffffff&#8221; align=&#8221;center&#8221; i_icon_fontawesome=&#8221;fa fa-heart&#8221; css_animation=&#8221;bottom-to-top&#8221; button_block=&#8221;true&#8221; add_icon=&#8221;true&#8221; link=&#8221;url:https%3A%2F%2Fapp.vindi.com.br%2Fcustomer%2Fpages%2F520f50c0-07d3-4757-a437-c3ad287fabd6%2Fsubscriptions%2Fnew|title:Obrigado%20pela%20sua%20doa%C3%A7%C3%A3o%20mensal%20de%20R%24%2030%2C00!|target:%20_blank|rel:nofollow&#8221;][\/vc_column][vc_column width=&#8221;1\/6&#8243;][vc_btn title=&#8221;<strong>R$ 50,00<\/strong>&#8221; style=&#8221;custom&#8221; custom_background=&#8221;#f8991d&#8221; custom_text=&#8221;#ffffff&#8221; align=&#8221;center&#8221; i_icon_fontawesome=&#8221;fa fa-heart&#8221; css_animation=&#8221;bottom-to-top&#8221; button_block=&#8221;true&#8221; add_icon=&#8221;true&#8221; link=&#8221;url:https%3A%2F%2Fapp.vindi.com.br%2Fcustomer%2Fpages%2F926de84a-ed24-4652-a6c2-a61adfa71024%2Fsubscriptions%2Fnew|title:Obrigado%20pela%20sua%20doa%C3%A7%C3%A3o%20mensal%20de%20R%24%2050%2C00!|target:%20_blank|rel:nofollow&#8221;][\/vc_column][vc_column width=&#8221;1\/6&#8243;][vc_btn title=&#8221;<strong>R$ 100,00<\/strong>&#8221; style=&#8221;custom&#8221; custom_background=&#8221;#0b9344&#8243; custom_text=&#8221;#ffffff&#8221; align=&#8221;center&#8221; i_icon_fontawesome=&#8221;fa fa-heart&#8221; css_animation=&#8221;bottom-to-top&#8221; button_block=&#8221;true&#8221; add_icon=&#8221;true&#8221; link=&#8221;url:https%3A%2F%2Fapp.vindi.com.br%2Fcustomer%2Fpages%2Fc4691e3e-0e7a-40f0-94eb-9006aa55b936%2Fsubscriptions%2Fnew|title:Obrigado%20pela%20sua%20doa%C3%A7%C3%A3o%20mensal%20de%20R%24%20100%2C00!|target:%20_blank|rel:nofollow&#8221;][\/vc_column][vc_column width=&#8221;1\/6&#8243;][vc_btn title=&#8221;<strong>R$ 200,00<\/strong>&#8221; style=&#8221;custom&#8221; custom_background=&#8221;#a5784e&#8221; custom_text=&#8221;#ffffff&#8221; align=&#8221;center&#8221; i_icon_fontawesome=&#8221;fa fa-heart&#8221; css_animation=&#8221;bottom-to-top&#8221; button_block=&#8221;true&#8221; add_icon=&#8221;true&#8221; link=&#8221;url:https%3A%2F%2Fapp.vindi.com.br%2Fcustomer%2Fpages%2Fb87bdb64-803b-4cdd-8dfd-e3125513a30b%2Fsubscriptions%2Fnew|title:Obrigado%20pela%20sua%20doa%C3%A7%C3%A3o%20mensal%20de%20R%24%20200%2C00!|target:%20_blank|rel:nofollow&#8221;][\/vc_column][\/vc_row][vc_row disable_element=&#8221;yes&#8221;][vc_column][vc_column_text css_animation=&#8221;bottom-to-top&#8221;](N\u00e3o dedut\u00edvel do imposto de Renda)<\/p>\n<p>Para altera\u00e7\u00f5es, outros valores e mais informa\u00e7\u00f5es. Entre em contato conosco pelo e-mail: <a href=\"mailto:associados@ceak.org.br\">associados@ceak.org.br<\/a>[\/vc_column_text][\/vc_column][\/vc_row][vc_row][vc_column width=&#8221;1\/2&#8243;][vc_column_text]\n<h2><\/h2>\n<h2><span style=\"color: #f8991d;\">Dep\u00f3sito banc\u00e1rio<\/span><\/h2>\n<p><strong>Banco Bradesco<\/strong><br \/>\nAG: <strong>416<\/strong><br \/>\nCC: <strong>4308-7\u00a0<\/strong><br \/>\nCNPJ: <strong>46.076.915-0005\/05<\/strong><br \/>\nRaz\u00e3o Social: <strong>Centro Esp\u00edrita Allan Kardec<\/strong><\/p>\n<p>Entre em contato conosco: <a href=\"tel:+551932582419\">(19) 3258-2419<\/a> \/ <a href=\"mailto:contato.cgm@ceak.org.br\">contato.cgm@ceak.org.br<\/a>[\/vc_column_text][\/vc_column][vc_column width=&#8221;1\/2&#8243;][vc_single_image image=&#8221;261&#8243; img_size=&#8221;full&#8221; style=&#8221;vc_box_shadow_3d&#8221; css_animation=&#8221;none&#8221;][\/vc_column][\/vc_row][vc_row][vc_column][vc_empty_space height=&#8221;15px&#8221;][vc_separator][vc_empty_space height=&#8221;15px&#8221;][\/vc_column][\/vc_row][vc_row][vc_column width=&#8221;1\/2&#8243;][vc_video link=&#8221;https:\/\/www.youtube.com\/watch?v=sx5vnutds9I&amp;t=5s&#8221;][\/vc_column][vc_column width=&#8221;1\/2&#8243;][vc_column_text]\n<h2>Doando sua nota fiscal sem CPF<\/h2>\n<p>Ficou ainda mais f\u00e1cil doar seus cupons para as obras sociais do CEAK, al\u00e9m de doar seu cupom fiscal pelo App da Secretaria da Fazenda, voc\u00ea tamb\u00e9m pode programar para que a doa\u00e7\u00e3o se torne autom\u00e1tica no ato da compra, sem precisar digitar ou ler o c\u00f3digo de barras.<\/p>\n<p>Assista o v\u00eddeo e saiba como.<\/p>\n<p><a href=\"https:\/\/play.google.com\/store\/apps\/details?id=br.gov.sp.fazenda.nfp.app&amp;hl=pt_BR\" target=\"_blank\" rel=\"noopener\"><img loading=\"lazy\" class=\"alignnone wp-image-270 size-full\" src=\"http:\/\/ceak.org.br\/ceak\/wp-content\/uploads\/2017\/10\/google_play.png\" alt=\"google-play\" width=\"135\" height=\"40\" \/><\/a> <a href=\"https:\/\/itunes.apple.com\/br\/app\/nota-fiscal-paulista\/id1190556528?mt=8\" target=\"_blank\" rel=\"noopener\"><img loading=\"lazy\" class=\"alignnone wp-image-270 size-full\" src=\"http:\/\/ceak.org.br\/ceak\/wp-content\/uploads\/2017\/10\/appstore.png\" alt=\"app store\" width=\"135\" height=\"40\" \/><\/a>[\/vc_column_text][\/vc_column][\/vc_row][vc_row][vc_column][vc_empty_space height=&#8221;15px&#8221;][vc_separator][vc_empty_space height=&#8221;15px&#8221;][\/vc_column][\/vc_row][vc_row][vc_column width=&#8221;1\/2&#8243;][vc_column_text]\n<h2><span style=\"color: #f8991d;\">Sendo\u00a0Volunt\u00e1rio<\/span><\/h2>\n<p>Trabalho fundamental para o desenvolvimento de nossas atividades, o CEAK conta com mais de 950 volunt\u00e1rios atuando em diversas \u00e1reas dos seus departamentos e n\u00facleos.<\/p>\n<p>Seja um volunt\u00e1rio!<\/p>\n<p>Entre em contato conosco<br \/>\n<a href=\"mailto:voluntarios@ceak.org.br\">voluntarios@ceak.org.br<\/a><\/p>\n<h2><span style=\"color: #f8991d;\">Doando alimentos<\/span><\/h2>\n<p>Doe uma cesta b\u00e1sica de alimentos e\/ou alimentos n\u00e3o perec\u00edveis.<br \/>\nEntre em contato conosco: <a href=\"tel:+551932582419\">(19) 3258-2419<\/a> \/ <a href=\"mailto:contato.cgm@ceak.org.br\">contato.cgm@ceak.org.br<\/a>[\/vc_column_text][\/vc_column][vc_column width=&#8221;1\/2&#8243;][vc_single_image image=&#8221;262&#8243; img_size=&#8221;full&#8221; style=&#8221;vc_box_shadow_3d&#8221; css_animation=&#8221;none&#8221;][\/vc_column][\/vc_row][vc_row][vc_column][vc_empty_space height=&#8221;15px&#8221;][vc_separator][vc_empty_space height=&#8221;15px&#8221;][\/vc_column][\/vc_row][vc_row][vc_column width=&#8221;1\/2&#8243;][vc_single_image image=&#8221;263&#8243; img_size=&#8221;full&#8221; style=&#8221;vc_box_shadow_3d&#8221; css_animation=&#8221;none&#8221;][\/vc_column][vc_column width=&#8221;1\/2&#8243;][vc_column_text]\n<h2><span style=\"color: #f8991d;\">Bazar<\/span><\/h2>\n<p>Ao adquirir produtos de nosso bazar, voc\u00ea contribui diretamente com a manuten\u00e7\u00e3o das atividades da Creche Gustavo Marcondes, pois a renda \u00e9 revertida para a institui\u00e7\u00e3o. Tamb\u00e9m aceitamos a doa\u00e7\u00e3o de roupas, brinquedos, cal\u00e7ados e utens\u00edlios dom\u00e9sticos para serem comercializados.<\/p>\n<p><strong><span style=\"color: #f8991d;\">Funcionamento do\u00a0Bazar: <\/span><\/strong><\/p>\n<p><span style=\"color: #f8991d;\">Quinta-feira das 9h \u00e0s 13h<br \/>\nS\u00e1bado das\u00a0 9h \u00e0s 13h.<\/span>[\/vc_column_text][\/vc_column][\/vc_row]\n","protected":false},"excerpt":{"rendered":"[vc_row][vc_column][vc_empty_space][vc_separator][\/vc_column][\/vc_row][vc_row][vc_column][vc_column_text] Como\u00a0ajudar [\/vc_column_text][\/vc_column][\/vc_row][vc_row][vc_column][vc_column_text] Existem diversas maneiras para se colaborar com a Creche Gustavo Marcondes. Os interessados podem se associar contribuindo com um valor mensal ou ainda efetuar doa\u00e7\u00f5es pontuais de produtos de extrema necessidade. Veja como apoiar os trabalhos da Creche Gustavo Marcondes:[\/vc_column_text][\/vc_column][\/vc_row][vc_row][vc_column][vc_empty_space height=&#8221;15px&#8221;][vc_separator][vc_empty_space height=&#8221;15px&#8221;][\/vc_column][\/vc_row][vc_row disable_element=&#8221;yes&#8221;][vc_column][vc_column_text] Sendo um associado contribuinte Atrav\u00e9s de uma contribui\u00e7\u00e3o mensal,\u00a0utilizando [&hellip;]\n","protected":false},"author":1,"featured_media":0,"parent":0,"menu_order":0,"comment_status":"closed","ping_status":"closed","template":"page-blank-container.php","meta":[],"_links":{"self":[{"href":"https:\/\/ceak.org.br\/cgm\/wp-json\/wp\/v2\/pages\/260"}],"collection":[{"href":"https:\/\/ceak.org.br\/cgm\/wp-json\/wp\/v2\/pages"}],"about":[{"href":"https:\/\/ceak.org.br\/cgm\/wp-json\/wp\/v2\/types\/page"}],"author":[{"embeddable":true,"href":"https:\/\/ceak.org.br\/cgm\/wp-json\/wp\/v2\/users\/1"}],"replies":[{"embeddable":true,"href":"https:\/\/ceak.org.br\/cgm\/wp-json\/wp\/v2\/comments?post=260"}],"version-history":[{"count":20,"href":"https:\/\/ceak.org.br\/cgm\/wp-json\/wp\/v2\/pages\/260\/revisions"}],"predecessor-version":[{"id":1131,"href":"https:\/\/ceak.org.br\/cgm\/wp-json\/wp\/v2\/pages\/260\/revisions\/1131"}],"wp:attachment":[{"href":"https:\/\/ceak.org.br\/cgm\/wp-json\/wp\/v2\/media?parent=260"}],"curies":[{"name":"wp","href":"https:\/\/api.w.org\/{rel}","templated":true}]}}

[vc_row][vc_column][vc_empty_space][vc_separator][/vc_column][/vc_row][vc_row][vc_column][vc_column_text]
<h1><span style="color: #f8991d;">Como ajudar</span></h1>
[/vc_column_text][/vc_column][/vc_row][vc_row][vc_column][vc_column_text]
<h2>Existem diversas maneiras para se colaborar com a Creche Gustavo Marcondes.</h2>
<p>Os interessados podem se associar contribuindo com um valor mensal ou ainda efetuar doações pontuais de produtos de extrema necessidade.</p>
<p>Veja como apoiar os trabalhos da Creche Gustavo Marcondes:[/vc_column_text][/vc_column][/vc_row][vc_row][vc_column][vc_empty_space height=&#8221;15px&#8221;][vc_separator][vc_empty_space height=&#8221;15px&#8221;][/vc_column][/vc_row][vc_row disable_element=&#8221;yes&#8221;][vc_column][vc_column_text]
<h2><img src="http://ceak.org.br/cavi/wp-content/uploads/2017/02/HEART-BEATING-PINK-50.gif" />Sendo um associado contribuinte</h2>
<p>Através de uma contribuição mensal, utilizando seu cartão de credito, você pode ser um associado e apoiar os trabalhos da Creche Gustavo Marcondes. <strong>A doação será descontada automaticamente do seu cartão de crédito mensalmente.</strong></p>
[/vc_column_text][vc_single_image image=&#8221;462&#8243; img_size=&#8221;200&#215;35&#8243;][/vc_column][/vc_row][vc_row disable_element=&#8221;yes&#8221;][vc_column width=&#8221;1/6&#8243;][vc_btn title=&#8221;<strong>R$ 10,00</strong>&#8221; style=&#8221;custom&#8221; custom_background=&#8221;#848484&#8243; custom_text=&#8221;#ffffff&#8221; align=&#8221;center&#8221; i_icon_fontawesome=&#8221;fa fa-heart&#8221; css_animation=&#8221;bottom-to-top&#8221; button_block=&#8221;true&#8221; add_icon=&#8221;true&#8221; link=&#8221;url:https%3A%2F%2Fapp.vindi.com.br%2Fcustomer%2Fpages%2F47c24f28-e6d5-407f-99fd-1881ab2ab835%2Fsubscriptions%2Fnew|title:Obrigado%20pela%20sua%20doa%C3%A7%C3%A3o%20mensal%20de%20R%24%2010%2C00!|target:%20_blank|rel:nofollow&#8221;][/vc_column][vc_column width=&#8221;1/6&#8243;][vc_btn title=&#8221;<strong>R$ 20,00</strong>&#8221; style=&#8221;custom&#8221; custom_background=&#8221;#ed1c24&#8243; custom_text=&#8221;#ffffff&#8221; align=&#8221;center&#8221; i_icon_fontawesome=&#8221;fa fa-heart&#8221; css_animation=&#8221;bottom-to-top&#8221; button_block=&#8221;true&#8221; add_icon=&#8221;true&#8221; link=&#8221;url:https%3A%2F%2Fapp.vindi.com.br%2Fcustomer%2Fpages%2Fda75d3dc-3fb3-48c1-9c12-acea5d91e2f6%2Fsubscriptions%2Fnew|title:Obrigado%20pela%20sua%20doa%C3%A7%C3%A3o%20mensal%20de%20R%24%2020%2C00!|target:%20_blank|rel:nofollow&#8221;][/vc_column][vc_column width=&#8221;1/6&#8243;][vc_btn title=&#8221;<strong>R$ 30,00</strong>&#8221; style=&#8221;custom&#8221; custom_background=&#8221;#5bc8e0&#8243; custom_text=&#8221;#ffffff&#8221; align=&#8221;center&#8221; i_icon_fontawesome=&#8221;fa fa-heart&#8221; css_animation=&#8221;bottom-to-top&#8221; button_block=&#8221;true&#8221; add_icon=&#8221;true&#8221; link=&#8221;url:https%3A%2F%2Fapp.vindi.com.br%2Fcustomer%2Fpages%2F520f50c0-07d3-4757-a437-c3ad287fabd6%2Fsubscriptions%2Fnew|title:Obrigado%20pela%20sua%20doa%C3%A7%C3%A3o%20mensal%20de%20R%24%2030%2C00!|target:%20_blank|rel:nofollow&#8221;][/vc_column][vc_column width=&#8221;1/6&#8243;][vc_btn title=&#8221;<strong>R$ 50,00</strong>&#8221; style=&#8221;custom&#8221; custom_background=&#8221;#f8991d&#8221; custom_text=&#8221;#ffffff&#8221; align=&#8221;center&#8221; i_icon_fontawesome=&#8221;fa fa-heart&#8221; css_animation=&#8221;bottom-to-top&#8221; button_block=&#8221;true&#8221; add_icon=&#8221;true&#8221; link=&#8221;url:https%3A%2F%2Fapp.vindi.com.br%2Fcustomer%2Fpages%2F926de84a-ed24-4652-a6c2-a61adfa71024%2Fsubscriptions%2Fnew|title:Obrigado%20pela%20sua%20doa%C3%A7%C3%A3o%20mensal%20de%20R%24%2050%2C00!|target:%20_blank|rel:nofollow&#8221;][/vc_column][vc_column width=&#8221;1/6&#8243;][vc_btn title=&#8221;<strong>R$ 100,00</strong>&#8221; style=&#8221;custom&#8221; custom_background=&#8221;#0b9344&#8243; custom_text=&#8221;#ffffff&#8221; align=&#8221;center&#8221; i_icon_fontawesome=&#8221;fa fa-heart&#8221; css_animation=&#8221;bottom-to-top&#8221; button_block=&#8221;true&#8221; add_icon=&#8221;true&#8221; link=&#8221;url:https%3A%2F%2Fapp.vindi.com.br%2Fcustomer%2Fpages%2Fc4691e3e-0e7a-40f0-94eb-9006aa55b936%2Fsubscriptions%2Fnew|title:Obrigado%20pela%20sua%20doa%C3%A7%C3%A3o%20mensal%20de%20R%24%20100%2C00!|target:%20_blank|rel:nofollow&#8221;][/vc_column][vc_column width=&#8221;1/6&#8243;][vc_btn title=&#8221;<strong>R$ 200,00</strong>&#8221; style=&#8221;custom&#8221; custom_background=&#8221;#a5784e&#8221; custom_text=&#8221;#ffffff&#8221; align=&#8221;center&#8221; i_icon_fontawesome=&#8221;fa fa-heart&#8221; css_animation=&#8221;bottom-to-top&#8221; button_block=&#8221;true&#8221; add_icon=&#8221;true&#8221; link=&#8221;url:https%3A%2F%2Fapp.vindi.com.br%2Fcustomer%2Fpages%2Fb87bdb64-803b-4cdd-8dfd-e3125513a30b%2Fsubscriptions%2Fnew|title:Obrigado%20pela%20sua%20doa%C3%A7%C3%A3o%20mensal%20de%20R%24%20200%2C00!|target:%20_blank|rel:nofollow&#8221;][/vc_column][/vc_row][vc_row disable_element=&#8221;yes&#8221;][vc_column][vc_column_text css_animation=&#8221;bottom-to-top&#8221;](Não dedutível do imposto de Renda)</p>
<p>Para alterações, outros valores e mais informações. Entre em contato conosco pelo e-mail: <a href="mailto:associados@ceak.org.br">associados@ceak.org.br</a>[/vc_column_text][/vc_column][/vc_row][vc_row][vc_column width=&#8221;1/2&#8243;][vc_column_text]
<h2></h2>
<h2><span style="color: #f8991d;">Depósito bancário</span></h2>
<p><strong>Banco Bradesco</strong><br />
AG: <strong>416</strong><br />
CC: <strong>4308-7 </strong><br />
CNPJ: <strong>46.076.915-0005/05</strong><br />
Razão Social: <strong>Centro Espírita Allan Kardec</strong></p>
<p>Entre em contato conosco: <a href="tel:+551932582419">(19) 3258-2419</a> / <a href="mailto:contato.cgm@ceak.org.br">contato.cgm@ceak.org.br</a>[/vc_column_text][/vc_column][vc_column width=&#8221;1/2&#8243;][vc_single_image image=&#8221;261&#8243; img_size=&#8221;full&#8221; style=&#8221;vc_box_shadow_3d&#8221; css_animation=&#8221;none&#8221;][/vc_column][/vc_row][vc_row][vc_column][vc_empty_space height=&#8221;15px&#8221;][vc_separator][vc_empty_space height=&#8221;15px&#8221;][/vc_column][/vc_row][vc_row][vc_column width=&#8221;1/2&#8243;][vc_video link=&#8221;https://www.youtube.com/watch?v=sx5vnutds9I&amp;t=5s&#8221;][/vc_column][vc_column width=&#8221;1/2&#8243;][vc_column_text]
<h2>Doando sua nota fiscal sem CPF</h2>
<p>Ficou ainda mais fácil doar seus cupons para as obras sociais do CEAK, além de doar seu cupom fiscal pelo App da Secretaria da Fazenda, você também pode programar para que a doação se torne automática no ato da compra, sem precisar digitar ou ler o código de barras.</p>
<p>Assista o vídeo e saiba como.</p>
<p><a href="https://play.google.com/store/apps/details?id=br.gov.sp.fazenda.nfp.app&amp;hl=pt_BR" target="_blank" rel="noopener"><img loading="lazy" class="alignnone wp-image-270 size-full" src="http://ceak.org.br/ceak/wp-content/uploads/2017/10/google_play.png" alt="google-play" width="135" height="40" /></a> <a href="https://itunes.apple.com/br/app/nota-fiscal-paulista/id1190556528?mt=8" target="_blank" rel="noopener"><img loading="lazy" class="alignnone wp-image-270 size-full" src="http://ceak.org.br/ceak/wp-content/uploads/2017/10/appstore.png" alt="app store" width="135" height="40" /></a>[/vc_column_text][/vc_column][/vc_row][vc_row][vc_column][vc_empty_space height=&#8221;15px&#8221;][vc_separator][vc_empty_space height=&#8221;15px&#8221;][/vc_column][/vc_row][vc_row][vc_column width=&#8221;1/2&#8243;][vc_column_text]
<h2><span style="color: #f8991d;">Sendo Voluntário</span></h2>
<p>Trabalho fundamental para o desenvolvimento de nossas atividades, o CEAK conta com mais de 950 voluntários atuando em diversas áreas dos seus departamentos e núcleos.</p>
<p>Seja um voluntário!</p>
<p>Entre em contato conosco<br />
<a href="mailto:voluntarios@ceak.org.br">voluntarios@ceak.org.br</a></p>
<h2><span style="color: #f8991d;">Doando alimentos</span></h2>
<p>Doe uma cesta básica de alimentos e/ou alimentos não perecíveis.<br />
Entre em contato conosco: <a href="tel:+551932582419">(19) 3258-2419</a> / <a href="mailto:contato.cgm@ceak.org.br">contato.cgm@ceak.org.br</a>[/vc_column_text][/vc_column][vc_column width=&#8221;1/2&#8243;][vc_single_image image=&#8221;262&#8243; img_size=&#8221;full&#8221; style=&#8221;vc_box_shadow_3d&#8221; css_animation=&#8221;none&#8221;][/vc_column][/vc_row][vc_row][vc_column][vc_empty_space height=&#8221;15px&#8221;][vc_separator][vc_empty_space height=&#8221;15px&#8221;][/vc_column][/vc_row][vc_row][vc_column width=&#8221;1/2&#8243;][vc_single_image image=&#8221;263&#8243; img_size=&#8221;full&#8221; style=&#8221;vc_box_shadow_3d&#8221; css_animation=&#8221;none&#8221;][/vc_column][vc_column width=&#8221;1/2&#8243;][vc_column_text]
<h2><span style="color: #f8991d;">Bazar</span></h2>
<p>Ao adquirir produtos de nosso bazar, você contribui diretamente com a manutenção das atividades da Creche Gustavo Marcondes, pois a renda é revertida para a instituição. Também aceitamos a doação de roupas, brinquedos, calçados e utensílios domésticos para serem comercializados.</p>
<p><strong><span style="color: #f8991d;">Funcionamento do Bazar: </span></strong></p>
<p><span style="color: #f8991d;">Quinta-feira das 9h às 13h<br />
Sábado das  9h às 13h.</span>[/vc_column_text][/vc_column][/vc_row]

[vc_row][vc_column][vc_empty_space][vc_separator][/vc_column][/vc_row][vc_row][vc_column][vc_column_text] Como ajudar [/vc_column_text][/vc_column][/vc_row][vc_row][vc_column][vc_column_text] Existem diversas maneiras para se colaborar com a Creche Gustavo Marcondes. Os interessados podem se associar contribuindo com um valor mensal ou ainda efetuar doações pontuais de produtos de extrema necessidade. Veja como apoiar os trabalhos da Creche Gustavo Marcondes:[/vc_column_text][/vc_column][/vc_row][vc_row][vc_column][vc_empty_space height=&#8221;15px&#8221;][vc_separator][vc_empty_space height=&#8221;15px&#8221;][/vc_column][/vc_row][vc_row disable_element=&#8221;yes&#8221;][vc_column][vc_column_text] Sendo um associado contribuinte Através de uma contribuição mensal, utilizando [&hellip;]
