{"id":8,"date":"2016-08-29T00:29:28","date_gmt":"2016-08-29T00:29:28","guid":{"rendered":"http:\/\/ceak.own.com.br\/cgm\/?page_id=8"},"modified":"2021-03-15T22:25:44","modified_gmt":"2021-03-15T22:25:44","slug":"sobre-a-creche","status":"publish","type":"page","link":"https:\/\/ceak.org.br\/cgm\/sobre-a-creche\/","title":{"rendered":"SOBRE A CRECHE"},"content":{"rendered":"[vc_row][vc_column][vc_empty_space][vc_separator][\/vc_column][\/vc_row][vc_row][vc_column][vc_column_text]\n<h1 class=\"h-large\"><span style=\"color: #efa3a2;\">Institucional<\/span><\/h1>\n[\/vc_column_text][\/vc_column][\/vc_row][vc_row][vc_column width=&#8221;1\/2&#8243;][vc_column_text]A Creche Gustavo Marcondes \u00e9 um departamento do Centro Esp\u00edrita Allan Kardec e filiada \u00e0 FEAC \u2013 Federa\u00e7\u00e3o das Entidades Assistenciais de Campinas.<\/p>\n<p>Localizada no Jardim Atibaia, em Sousas, \u00e9 uma unidade de educa\u00e7\u00e3o infantil com capacidade para atender 100 crian\u00e7as da regi\u00e3o, com idades de 3 a 6 anos, oferecendo alimenta\u00e7\u00e3o balanceada, atividades pedag\u00f3gicas e recreativas, no hor\u00e1rio das 7h \u00e0s 16h30, de segunda a sexta-feira.<\/p>\n<p>Tem como objetivo promover o bem estar da crian\u00e7a, seu desenvolvimento f\u00edsico, emocional, intelectual, moral e social, al\u00e9m da amplia\u00e7\u00e3o de suas experi\u00eancias, valorizando as peculiaridades de cada aluno, incorporando a diversidade, inclusive de alunos especiais, sem nenhum tipo de distin\u00e7\u00e3o.<\/p>\n<p>Busca ainda, estimular o interesse pelo processo de conhecimento do ser humano, da natureza e da sociedade.[\/vc_column_text][\/vc_column][vc_column width=&#8221;1\/2&#8243;][vc_single_image image=&#8221;392&#8243; img_size=&#8221;full&#8221; style=&#8221;vc_box_shadow_3d&#8221; css_animation=&#8221;none&#8221;][\/vc_column][\/vc_row][vc_row][vc_column][vc_empty_space height=&#8221;15px&#8221;][vc_separator][vc_empty_space height=&#8221;15px&#8221;][\/vc_column][\/vc_row][vc_row][vc_column width=&#8221;1\/2&#8243;][vc_single_image image=&#8221;423&#8243; img_size=&#8221;full&#8221; style=&#8221;vc_box_shadow_3d&#8221; css_animation=&#8221;none&#8221;][\/vc_column][vc_column width=&#8221;1\/2&#8243;][vc_column_text]\n<h2><span style=\"color: #efa3a2;\">Hist\u00f3ria<\/span><\/h2>\n<p>Em 22 de fevereiro de 1976, o CEAK inaugurou o Lar dos Quinze Irm\u00e3os com a finalidade de abrigar crian\u00e7as \u00f3rf\u00e3s ou abandonadas do sexo masculino, na faixa et\u00e1ria de zero a tr\u00eas anos. Nos 14 anos que funcionou como orfanato, passaram pelo Lar 152 crian\u00e7as. Em 4 de junho de 1990, o Lar dos Quinze irm\u00e3os foi transformado em creche para atender crian\u00e7as carentes na faixa et\u00e1ria de tr\u00eas a cinco anos, com capacidade inicial para 10 crian\u00e7as.<\/p>\n<p>Entre 1998 e 1999, a creche foi reformada e ampliada. Em 1 de Janeiro de 2000 teve seu nome alterado para Creche Gustavo Marcondes, em homenagem ao fundador do Centro Esp\u00edrita Allan Kardec. Em 2014, a Creche Gustavo Marcondes foi homologada pela Prefeitura Municipal de Campinas como unidade educacional.[\/vc_column_text][\/vc_column][\/vc_row][vc_row][vc_column][vc_empty_space height=&#8221;15px&#8221;][vc_separator][vc_empty_space height=&#8221;15px&#8221;][\/vc_column][\/vc_row][vc_row][vc_column width=&#8221;2\/3&#8243;][vc_column_text]\n<h2><span style=\"color: #efa3a2;\">Patrono<\/span><\/h2>\n<p>Nascido aos 7 de Dezembro de 1900, em Palmeiras, estado do Paran\u00e1, Gustavo Marcondes realizou seus primeiros estudos em sua terra natal e o curso de contador em Paranagu\u00e1. Com voca\u00e7\u00e3o para o magist\u00e9rio, destacou-se como professor licenciado para o ensino particular e profissional.<\/p>\n<p>Em 1923, transferiu-se para a cidade de Franca &#8211; SP, onde ingressou por concurso p\u00fablico no Banco do Brasil. J\u00e1 era profitente do Espiritismo e colaborava com a Casa de Sa\u00fade Allan Kardec. Em 1925 contraiu matrim\u00f4nio com D. Mercedes Rufino Selles. No ano seguinte, foi transferido para Ribeir\u00e3o Preto. Em 1928, fundou a Escola e a Biblioteca dos Pobres, ministrando diversos cursos de jardim da inf\u00e2ncia, prim\u00e1rio, noturno para adultos e curso pr\u00e1tico de com\u00e9rcio. Realizava palestras doutrin\u00e1rias para divulga\u00e7\u00e3o do Espiritismo por toda aquela regi\u00e3o. Participava ainda da Uni\u00e3o Esp\u00edrita de Ribeir\u00e3o Preto e do Centro \u201cEur\u00edpedes Barsanulfo\u201d. Em 1934, foi transferido para a cidade de Campinas, onde se aposentou, em 1953.<\/p>\n<p>Em Campinas, fundou o Instituto Popular &#8220;Humberto de Campos&#8221; voltado para estudantes de baixa renda, com a oferta dos cursos pr\u00e9-prim\u00e1rio, datilografia e pr\u00e1tico de com\u00e9rcio. Em setembro de 1938, juntamente com outros abnegados companheiros, fundou o Centro Esp\u00edrita \u201cAllan Kardec\u201d, no qual anexou o Instituto Popular \u201cHumberto de Campos\u201d, como um de seus departamentos.<\/p>\n<p>Inaugurou em 1949 a sede pr\u00f3pria na Rua Irm\u00e3 Serafina, 674, no centro da cidade, criando ent\u00e3o novos cursos: corte e costura, bordado, trabalhos manuais, preparat\u00f3rio para o gin\u00e1sio, prim\u00e1rio e noturno para adultos. Pouco depois foram criados novos setores, como a Casa dos Meninos, um internato para jovens de 14 a 18 anos, que ali recebiam educa\u00e7\u00e3o, alimento e moradia.<\/p>\n<p>Fundou tamb\u00e9m a Mocidade Esp\u00edrita e o Departamento Feminino. Gustavo Marcondes presidiu o Centro Esp\u00edrita \u201cAllan Kardec\u201d por mais de 30 anos. Seu desencarne deu-se aos 26 de Agosto de 1968.<\/p>\n<p>*Compilado do livro \u201cCartas do \u2018Seu\u2019 Gustavo\u201d \u2013 Editora EME.[\/vc_column_text][\/vc_column][vc_column width=&#8221;1\/3&#8243;][vc_single_image image=&#8221;324&#8243; img_size=&#8221;full&#8221; alignment=&#8221;right&#8221; style=&#8221;vc_box_shadow_3d&#8221; css_animation=&#8221;none&#8221;][\/vc_column][\/vc_row][vc_row][vc_column][vc_empty_space height=&#8221;15px&#8221;][vc_separator][vc_empty_space height=&#8221;15px&#8221;][\/vc_column][\/vc_row][vc_row][vc_column][vc_column_text]<span style=\"color: #efa3a2;\"><strong>Miss\u00e3o:<\/strong><\/span> Ser uma institui\u00e7\u00e3o refer\u00eancia no acolhimento e no cuidado de crian\u00e7as de 3 a 5 anos, promovendo o desenvolvimento integral e a conviv\u00eancia harm\u00f4nica, num ambiente afetivo e estimulante, para que possam crescer de forma plena e saud\u00e1vel.<\/p>\n<p><strong><span style=\"color: #efa3a2;\">Vis\u00e3o:<\/span><\/strong> Oferecer \u00e0 crian\u00e7a um acolhimento amoroso e seguro, com oportunidades significativas para o exerc\u00edcio da sua expressividade, criatividade e singularidade, em um ambiente de respeito, disciplina, aprendizagem e bem-estar, \u00e9 proporcionar ao ser humano um desenvolvimento pleno e o direito a uma trajet\u00f3ria feliz.<br \/>\n\u00c9 esse comprometimento que nos mobiliza todos os dias.<br \/>\nE \u00e9 esta a nossa contribui\u00e7\u00e3o para a forma\u00e7\u00e3o de uma sociedade mais consciente, justa e solid\u00e1ria.<\/p>\n<p><strong><span style=\"color: #efa3a2;\">Valores:<\/span><\/strong><\/p>\n<ul>\n<li>Mais do que um valor, Educa\u00e7\u00e3o para n\u00f3s \u00e9 uma miss\u00e3o e vai muito al\u00e9m da transmiss\u00e3o de conte\u00fados educacionais \u2013 prepara o cidad\u00e3o autoconsciente e autor do seu destino.<\/li>\n<li>Nossa conduta \u00e9 regida pelo Respeito em todos os sentidos, sobretudo pela singularidade de cada Ser. Agindo desta forma, garantimos um ambiente harm\u00f4nico e um modelo de conv\u00edvio \u00e0s nossas crian\u00e7as e a todos n\u00f3s \u2013 dirigentes,\u00a0instrutores e colaboradores \u2013 que fazem parte desta grande causa.<br \/>\nA Alegria \u00e9 o valor espont\u00e2neo que flui e permeia todo nosso ambiente, como resultado do amor e da plena realiza\u00e7\u00e3o pelo que fazemos.<\/li>\n<li>Imprimimos Excel\u00eancia em tudo o que fazemos porque estamos a servi\u00e7o da Vida.<\/li>\n<\/ul>\n[\/vc_column_text][\/vc_column][\/vc_row]\n","protected":false},"excerpt":{"rendered":"[vc_row][vc_column][vc_empty_space][vc_separator][\/vc_column][\/vc_row][vc_row][vc_column][vc_column_text] Institucional [\/vc_column_text][\/vc_column][\/vc_row][vc_row][vc_column width=&#8221;1\/2&#8243;][vc_column_text]A Creche Gustavo Marcondes \u00e9 um departamento do Centro Esp\u00edrita Allan Kardec e filiada \u00e0 FEAC \u2013 Federa\u00e7\u00e3o das Entidades Assistenciais de Campinas. Localizada no Jardim Atibaia, em Sousas, \u00e9 uma unidade de educa\u00e7\u00e3o infantil com capacidade para atender 100 crian\u00e7as da regi\u00e3o, com idades de 3 a 6 anos, oferecendo alimenta\u00e7\u00e3o [&hellip;]\n","protected":false},"author":1,"featured_media":0,"parent":0,"menu_order":0,"comment_status":"closed","ping_status":"closed","template":"page-blank-container.php","meta":[],"_links":{"self":[{"href":"https:\/\/ceak.org.br\/cgm\/wp-json\/wp\/v2\/pages\/8"}],"collection":[{"href":"https:\/\/ceak.org.br\/cgm\/wp-json\/wp\/v2\/pages"}],"about":[{"href":"https:\/\/ceak.org.br\/cgm\/wp-json\/wp\/v2\/types\/page"}],"author":[{"embeddable":true,"href":"https:\/\/ceak.org.br\/cgm\/wp-json\/wp\/v2\/users\/1"}],"replies":[{"embeddable":true,"href":"https:\/\/ceak.org.br\/cgm\/wp-json\/wp\/v2\/comments?post=8"}],"version-history":[{"count":17,"href":"https:\/\/ceak.org.br\/cgm\/wp-json\/wp\/v2\/pages\/8\/revisions"}],"predecessor-version":[{"id":758,"href":"https:\/\/ceak.org.br\/cgm\/wp-json\/wp\/v2\/pages\/8\/revisions\/758"}],"wp:attachment":[{"href":"https:\/\/ceak.org.br\/cgm\/wp-json\/wp\/v2\/media?parent=8"}],"curies":[{"name":"wp","href":"https:\/\/api.w.org\/{rel}","templated":true}]}}

[vc_row][vc_column][vc_empty_space][vc_separator][/vc_column][/vc_row][vc_row][vc_column][vc_column_text]
<h1 class="h-large"><span style="color: #efa3a2;">Institucional</span></h1>
[/vc_column_text][/vc_column][/vc_row][vc_row][vc_column width=&#8221;1/2&#8243;][vc_column_text]A Creche Gustavo Marcondes é um departamento do Centro Espírita Allan Kardec e filiada à FEAC – Federação das Entidades Assistenciais de Campinas.</p>
<p>Localizada no Jardim Atibaia, em Sousas, é uma unidade de educação infantil com capacidade para atender 100 crianças da região, com idades de 3 a 6 anos, oferecendo alimentação balanceada, atividades pedagógicas e recreativas, no horário das 7h às 16h30, de segunda a sexta-feira.</p>
<p>Tem como objetivo promover o bem estar da criança, seu desenvolvimento físico, emocional, intelectual, moral e social, além da ampliação de suas experiências, valorizando as peculiaridades de cada aluno, incorporando a diversidade, inclusive de alunos especiais, sem nenhum tipo de distinção.</p>
<p>Busca ainda, estimular o interesse pelo processo de conhecimento do ser humano, da natureza e da sociedade.[/vc_column_text][/vc_column][vc_column width=&#8221;1/2&#8243;][vc_single_image image=&#8221;392&#8243; img_size=&#8221;full&#8221; style=&#8221;vc_box_shadow_3d&#8221; css_animation=&#8221;none&#8221;][/vc_column][/vc_row][vc_row][vc_column][vc_empty_space height=&#8221;15px&#8221;][vc_separator][vc_empty_space height=&#8221;15px&#8221;][/vc_column][/vc_row][vc_row][vc_column width=&#8221;1/2&#8243;][vc_single_image image=&#8221;423&#8243; img_size=&#8221;full&#8221; style=&#8221;vc_box_shadow_3d&#8221; css_animation=&#8221;none&#8221;][/vc_column][vc_column width=&#8221;1/2&#8243;][vc_column_text]
<h2><span style="color: #efa3a2;">História</span></h2>
<p>Em 22 de fevereiro de 1976, o CEAK inaugurou o Lar dos Quinze Irmãos com a finalidade de abrigar crianças órfãs ou abandonadas do sexo masculino, na faixa etária de zero a três anos. Nos 14 anos que funcionou como orfanato, passaram pelo Lar 152 crianças. Em 4 de junho de 1990, o Lar dos Quinze irmãos foi transformado em creche para atender crianças carentes na faixa etária de três a cinco anos, com capacidade inicial para 10 crianças.</p>
<p>Entre 1998 e 1999, a creche foi reformada e ampliada. Em 1 de Janeiro de 2000 teve seu nome alterado para Creche Gustavo Marcondes, em homenagem ao fundador do Centro Espírita Allan Kardec. Em 2014, a Creche Gustavo Marcondes foi homologada pela Prefeitura Municipal de Campinas como unidade educacional.[/vc_column_text][/vc_column][/vc_row][vc_row][vc_column][vc_empty_space height=&#8221;15px&#8221;][vc_separator][vc_empty_space height=&#8221;15px&#8221;][/vc_column][/vc_row][vc_row][vc_column width=&#8221;2/3&#8243;][vc_column_text]
<h2><span style="color: #efa3a2;">Patrono</span></h2>
<p>Nascido aos 7 de Dezembro de 1900, em Palmeiras, estado do Paraná, Gustavo Marcondes realizou seus primeiros estudos em sua terra natal e o curso de contador em Paranaguá. Com vocação para o magistério, destacou-se como professor licenciado para o ensino particular e profissional.</p>
<p>Em 1923, transferiu-se para a cidade de Franca &#8211; SP, onde ingressou por concurso público no Banco do Brasil. Já era profitente do Espiritismo e colaborava com a Casa de Saúde Allan Kardec. Em 1925 contraiu matrimônio com D. Mercedes Rufino Selles. No ano seguinte, foi transferido para Ribeirão Preto. Em 1928, fundou a Escola e a Biblioteca dos Pobres, ministrando diversos cursos de jardim da infância, primário, noturno para adultos e curso prático de comércio. Realizava palestras doutrinárias para divulgação do Espiritismo por toda aquela região. Participava ainda da União Espírita de Ribeirão Preto e do Centro “Eurípedes Barsanulfo”. Em 1934, foi transferido para a cidade de Campinas, onde se aposentou, em 1953.</p>
<p>Em Campinas, fundou o Instituto Popular &#8220;Humberto de Campos&#8221; voltado para estudantes de baixa renda, com a oferta dos cursos pré-primário, datilografia e prático de comércio. Em setembro de 1938, juntamente com outros abnegados companheiros, fundou o Centro Espírita “Allan Kardec”, no qual anexou o Instituto Popular “Humberto de Campos”, como um de seus departamentos.</p>
<p>Inaugurou em 1949 a sede própria na Rua Irmã Serafina, 674, no centro da cidade, criando então novos cursos: corte e costura, bordado, trabalhos manuais, preparatório para o ginásio, primário e noturno para adultos. Pouco depois foram criados novos setores, como a Casa dos Meninos, um internato para jovens de 14 a 18 anos, que ali recebiam educação, alimento e moradia.</p>
<p>Fundou também a Mocidade Espírita e o Departamento Feminino. Gustavo Marcondes presidiu o Centro Espírita “Allan Kardec” por mais de 30 anos. Seu desencarne deu-se aos 26 de Agosto de 1968.</p>
<p>*Compilado do livro “Cartas do ‘Seu’ Gustavo” – Editora EME.[/vc_column_text][/vc_column][vc_column width=&#8221;1/3&#8243;][vc_single_image image=&#8221;324&#8243; img_size=&#8221;full&#8221; alignment=&#8221;right&#8221; style=&#8221;vc_box_shadow_3d&#8221; css_animation=&#8221;none&#8221;][/vc_column][/vc_row][vc_row][vc_column][vc_empty_space height=&#8221;15px&#8221;][vc_separator][vc_empty_space height=&#8221;15px&#8221;][/vc_column][/vc_row][vc_row][vc_column][vc_column_text]<span style="color: #efa3a2;"><strong>Missão:</strong></span> Ser uma instituição referência no acolhimento e no cuidado de crianças de 3 a 5 anos, promovendo o desenvolvimento integral e a convivência harmônica, num ambiente afetivo e estimulante, para que possam crescer de forma plena e saudável.</p>
<p><strong><span style="color: #efa3a2;">Visão:</span></strong> Oferecer à criança um acolhimento amoroso e seguro, com oportunidades significativas para o exercício da sua expressividade, criatividade e singularidade, em um ambiente de respeito, disciplina, aprendizagem e bem-estar, é proporcionar ao ser humano um desenvolvimento pleno e o direito a uma trajetória feliz.<br />
É esse comprometimento que nos mobiliza todos os dias.<br />
E é esta a nossa contribuição para a formação de uma sociedade mais consciente, justa e solidária.</p>
<p><strong><span style="color: #efa3a2;">Valores:</span></strong></p>
<ul>
<li>Mais do que um valor, Educação para nós é uma missão e vai muito além da transmissão de conteúdos educacionais – prepara o cidadão autoconsciente e autor do seu destino.</li>
<li>Nossa conduta é regida pelo Respeito em todos os sentidos, sobretudo pela singularidade de cada Ser. Agindo desta forma, garantimos um ambiente harmônico e um modelo de convívio às nossas crianças e a todos nós – dirigentes, instrutores e colaboradores – que fazem parte desta grande causa.<br />
A Alegria é o valor espontâneo que flui e permeia todo nosso ambiente, como resultado do amor e da plena realização pelo que fazemos.</li>
<li>Imprimimos Excelência em tudo o que fazemos porque estamos a serviço da Vida.</li>
</ul>
[/vc_column_text][/vc_column][/vc_row]

[vc_row][vc_column][vc_empty_space][vc_separator][/vc_column][/vc_row][vc_row][vc_column][vc_column_text] Institucional [/vc_column_text][/vc_column][/vc_row][vc_row][vc_column width=&#8221;1/2&#8243;][vc_column_text]A Creche Gustavo Marcondes é um departamento do Centro Espírita Allan Kardec e filiada à FEAC – Federação das Entidades Assistenciais de Campinas. Localizada no Jardim Atibaia, em Sousas, é uma unidade de educação infantil com capacidade para atender 100 crianças da região, com idades de 3 a 6 anos, oferecendo alimentação [&hellip;]
