{"id":437,"date":"2018-05-01T22:10:25","date_gmt":"2018-05-02T01:10:25","guid":{"rendered":"http:\/\/ceak.org.br\/iphc\/wp-content\/uploads\/2018\/04\/Equipe-de-organiza\u00e7\u00e3o.png"},"modified":"2018-05-01T22:11:09","modified_gmt":"2018-05-02T01:11:09","slug":"equipe-de-organizacao","status":"inherit","type":"attachment","link":"https:\/\/ceak.org.br\/iphc\/bazar-do-iphc-um-espaco-reformulado-espera-por-voce\/equipe-de-organizacao\/#main","title":{"rendered":"Equipe de organiza\u00e7\u00e3o"},"author":2,"comment_status":"open","ping_status":"closed","template":"","meta":[],"description":{"rendered":"<p class=\"attachment\"><a href='https:\/\/ceak.org.br\/iphc\/wp-content\/uploads\/2018\/04\/Equipe-de-organiza\u00e7\u00e3o.png'><img width=\"690\" height=\"652\" src=\"https:\/\/ceak.org.br\/iphc\/wp-content\/uploads\/2018\/04\/Equipe-de-organiza\u00e7\u00e3o.png\" class=\"attachment-medium size-medium\" alt=\"\" loading=\"lazy\" \/><\/a><\/p>\n"},"caption":{"rendered":"<p>Equipe de Organiza\u00e7\u00e3o<\/p>\n"},"alt_text":"","media_type":"image","mime_type":"image\/png","media_details":{"width":690,"height":652,"file":"2018\/04\/Equipe-de-organiza\u00e7\u00e3o.png","sizes":{"thumbnail":{"file":"Equipe-de-organiza\u00e7\u00e3o-340x340.png","width":340,"height":340,"mime_type":"image\/png","source_url":"https:\/\/ceak.org.br\/iphc\/wp-content\/uploads\/2018\/04\/Equipe-de-organiza\u00e7\u00e3o-340x340.png"},"full":{"file":"Equipe-de-organiza\u00e7\u00e3o.png","width":690,"height":652,"mime_type":"image\/png","source_url":"https:\/\/ceak.org.br\/iphc\/wp-content\/uploads\/2018\/04\/Equipe-de-organiza\u00e7\u00e3o.png"}},"image_meta":{"aperture":"0","credit":"","camera":"","caption":"","created_timestamp":"0","copyright":"","focal_length":"0","iso":"0","shutter_speed":"0","title":"","orientation":"0","keywords":[]}},"post":421,"source_url":"https:\/\/ceak.org.br\/iphc\/wp-content\/uploads\/2018\/04\/Equipe-de-organiza\u00e7\u00e3o.png","_links":{"self":[{"href":"https:\/\/ceak.org.br\/iphc\/wp-json\/wp\/v2\/media\/437"}],"collection":[{"href":"https:\/\/ceak.org.br\/iphc\/wp-json\/wp\/v2\/media"}],"about":[{"href":"https:\/\/ceak.org.br\/iphc\/wp-json\/wp\/v2\/types\/attachment"}],"author":[{"embeddable":true,"href":"https:\/\/ceak.org.br\/iphc\/wp-json\/wp\/v2\/users\/2"}],"replies":[{"embeddable":true,"href":"https:\/\/ceak.org.br\/iphc\/wp-json\/wp\/v2\/comments?post=437"}]}}

http://ceak.org.br/iphc/wp-content/uploads/2018/04/Equipe-de-organização.png

Equipe de organização

<p class="attachment"><a href='https://ceak.org.br/iphc/wp-content/uploads/2018/04/Equipe-de-organização.png'><img width="690" height="652" src="https://ceak.org.br/iphc/wp-content/uploads/2018/04/Equipe-de-organização.png" class="attachment-medium size-medium" alt="" loading="lazy" /></a></p>

<p>Equipe de Organização</p>

2018/04/Equipe-de-organização.png

Equipe-de-organização-340x340.png

https://ceak.org.br/iphc/wp-content/uploads/2018/04/Equipe-de-organização-340x340.png

Equipe-de-organização.png

https://ceak.org.br/iphc/wp-content/uploads/2018/04/Equipe-de-organização.png
