{"id":17,"date":"2016-07-20T11:33:41","date_gmt":"2016-07-20T14:33:41","guid":{"rendered":"http:\/\/52.203.36.18\/iphc\/?page_id=17"},"modified":"2021-03-15T20:37:33","modified_gmt":"2021-03-15T23:37:33","slug":"iphc","status":"publish","type":"page","link":"https:\/\/ceak.org.br\/iphc\/iphc\/","title":{"rendered":"Institucional"},"content":{"rendered":"[vc_row][vc_column][vc_empty_space][\/vc_column][\/vc_row][vc_row][vc_column][vc_column_text]\n<h1>INSTITUCIONAL<\/h1>\n[\/vc_column_text][\/vc_column][\/vc_row][vc_row][vc_column width=&#8221;1\/2&#8243;][vc_column_text css_animation=&#8221;none&#8221;]O Instituto Popular Humberto de Campos (IPHC) atende diariamente cerca de 250 crian\u00e7as em idade entre\u00a03 e 10 anos, sendo Educa\u00e7\u00e3o Infantil em tempo integral, e Assist\u00eancia Social com Servi\u00e7o de Conviv\u00eancia e Fortalecimento de V\u00ednculos como via de prevenir as situa\u00e7\u00f5es de risco social, ampliar trocas culturais e de viv\u00eancias e desenvolver o sentimento de perten\u00e7a e de identidade.<\/p>\n<p>Fornecemos refei\u00e7\u00f5es balanceadas \u00e0s crian\u00e7as e cesta b\u00e1sica aos pais ou respons\u00e1veis, cujas fam\u00edlias precisam desta ajuda. As fam\u00edlias tem acesso a ambulat\u00f3rio m\u00e9dico e odontol\u00f3gico e a farm\u00e1cia (ou dispens\u00e1rio de medicamentos) do pr\u00f3prio IPHC.<\/p>\n<p>Em 2015, o IPHC foi escolhido pela FEAC, entre 16 outras institui\u00e7\u00f5es, para replicar um Projeto de Inova\u00e7\u00e3o Social, desenvolvido dentro de suas atividades do SCFV &#8211; Servi\u00e7o de Conviv\u00eancia e Fortalecimento de V\u00ednculos.[\/vc_column_text][\/vc_column][vc_column width=&#8221;1\/2&#8243;][vc_single_image image=&#8221;198&#8243; img_size=&#8221;full&#8221; alignment=&#8221;right&#8221; style=&#8221;vc_box_shadow_3d&#8221; css_animation=&#8221;none&#8221;][\/vc_column][\/vc_row][vc_row][vc_column][vc_column_text]\n<h2>Miss\u00e3o:<\/h2>\n<p>Ser uma institui\u00e7\u00e3o refer\u00eancia na forma\u00e7\u00e3o de crian\u00e7as de 3 a 10 anos, promovendo a\u00e7\u00f5es socioeducativas que estimulem talentos e habilidades, bem como servi\u00e7os b\u00e1sicos de vestimenta e preven\u00e7\u00e3o \u00e0 sa\u00fade a pessoas em situa\u00e7\u00e3o de vulnerabilidade e risco social, para que tenham mais chances de viver com dignidade.<\/p>\n<h2>Vis\u00e3o:<\/h2>\n<p>Servir fraternalmente \u00e9, para n\u00f3s, um amplo exerc\u00edcio de caridade:<br \/>\n\u00e9 despertar cora\u00e7\u00f5es,<br \/>\nestimular atitudes,<br \/>\navivar a Esperan\u00e7a.<br \/>\n\u00c9 parceria harm\u00f4nica e trabalho intenso mobilizando pessoas em torno do Bem comum.<br \/>\n\u00c9 o Amor em a\u00e7\u00e3o, espont\u00e2neo, beneficiando quem faz e quem recebe.<br \/>\nAcreditamos que esta \u00e9 uma das mais efetivas contribui\u00e7\u00f5es na constru\u00e7\u00e3o de uma sociedade consciente, justa e solid\u00e1ria.<\/p>\n<h2>Valores:<\/h2>\n<ul>\n<li>Temos o <strong>Compromisso<\/strong> de concretizar o sonho dos nossos idealizadores, de honrar nossa hist\u00f3ria e, sobretudo, de realizar nossa miss\u00e3o com muito <strong>Amor<\/strong>.<\/li>\n<li><strong>Confian\u00e7a<\/strong> \u00e9 o principal elo de liga\u00e7\u00e3o entre n\u00f3s e os que nos procuram. Implica respeitar as pessoas, agindo de forma \u00e9tica e equilibrada. Por isso, ela est\u00e1 na ess\u00eancia das nossas iniciativas e relacionamentos.<\/li>\n<li>Imprimimos <strong>Seriedade<\/strong> e buscamos <strong>Excel\u00eancia<\/strong> em tudo o que fazemos, porque o Ser Humano \u00e9 merecedor das nossas mais sublimes atitudes.<\/li>\n<\/ul>\n[\/vc_column_text][\/vc_column][\/vc_row]\n","protected":false},"excerpt":{"rendered":"[vc_row][vc_column][vc_empty_space][\/vc_column][\/vc_row][vc_row][vc_column][vc_column_text] INSTITUCIONAL [\/vc_column_text][\/vc_column][\/vc_row][vc_row][vc_column width=&#8221;1\/2&#8243;][vc_column_text css_animation=&#8221;none&#8221;]O Instituto Popular Humberto de Campos (IPHC) atende diariamente cerca de 250 crian\u00e7as em idade entre\u00a03 e 10 anos, sendo Educa\u00e7\u00e3o Infantil em tempo integral, e Assist\u00eancia Social com Servi\u00e7o de Conviv\u00eancia e Fortalecimento de V\u00ednculos como via de prevenir as situa\u00e7\u00f5es de risco social, ampliar trocas culturais e de viv\u00eancias [&hellip;]\n","protected":false},"author":1,"featured_media":0,"parent":0,"menu_order":0,"comment_status":"closed","ping_status":"closed","template":"page-blank-container.php","meta":[],"_links":{"self":[{"href":"https:\/\/ceak.org.br\/iphc\/wp-json\/wp\/v2\/pages\/17"}],"collection":[{"href":"https:\/\/ceak.org.br\/iphc\/wp-json\/wp\/v2\/pages"}],"about":[{"href":"https:\/\/ceak.org.br\/iphc\/wp-json\/wp\/v2\/types\/page"}],"author":[{"embeddable":true,"href":"https:\/\/ceak.org.br\/iphc\/wp-json\/wp\/v2\/users\/1"}],"replies":[{"embeddable":true,"href":"https:\/\/ceak.org.br\/iphc\/wp-json\/wp\/v2\/comments?post=17"}],"version-history":[{"count":10,"href":"https:\/\/ceak.org.br\/iphc\/wp-json\/wp\/v2\/pages\/17\/revisions"}],"predecessor-version":[{"id":691,"href":"https:\/\/ceak.org.br\/iphc\/wp-json\/wp\/v2\/pages\/17\/revisions\/691"}],"wp:attachment":[{"href":"https:\/\/ceak.org.br\/iphc\/wp-json\/wp\/v2\/media?parent=17"}],"curies":[{"name":"wp","href":"https:\/\/api.w.org\/{rel}","templated":true}]}}

[vc_row][vc_column][vc_empty_space][/vc_column][/vc_row][vc_row][vc_column][vc_column_text]
<h1>INSTITUCIONAL</h1>
[/vc_column_text][/vc_column][/vc_row][vc_row][vc_column width=&#8221;1/2&#8243;][vc_column_text css_animation=&#8221;none&#8221;]O Instituto Popular Humberto de Campos (IPHC) atende diariamente cerca de 250 crianças em idade entre 3 e 10 anos, sendo Educação Infantil em tempo integral, e Assistência Social com Serviço de Convivência e Fortalecimento de Vínculos como via de prevenir as situações de risco social, ampliar trocas culturais e de vivências e desenvolver o sentimento de pertença e de identidade.</p>
<p>Fornecemos refeições balanceadas às crianças e cesta básica aos pais ou responsáveis, cujas famílias precisam desta ajuda. As famílias tem acesso a ambulatório médico e odontológico e a farmácia (ou dispensário de medicamentos) do próprio IPHC.</p>
<p>Em 2015, o IPHC foi escolhido pela FEAC, entre 16 outras instituições, para replicar um Projeto de Inovação Social, desenvolvido dentro de suas atividades do SCFV &#8211; Serviço de Convivência e Fortalecimento de Vínculos.[/vc_column_text][/vc_column][vc_column width=&#8221;1/2&#8243;][vc_single_image image=&#8221;198&#8243; img_size=&#8221;full&#8221; alignment=&#8221;right&#8221; style=&#8221;vc_box_shadow_3d&#8221; css_animation=&#8221;none&#8221;][/vc_column][/vc_row][vc_row][vc_column][vc_column_text]
<h2>Missão:</h2>
<p>Ser uma instituição referência na formação de crianças de 3 a 10 anos, promovendo ações socioeducativas que estimulem talentos e habilidades, bem como serviços básicos de vestimenta e prevenção à saúde a pessoas em situação de vulnerabilidade e risco social, para que tenham mais chances de viver com dignidade.</p>
<h2>Visão:</h2>
<p>Servir fraternalmente é, para nós, um amplo exercício de caridade:<br />
é despertar corações,<br />
estimular atitudes,<br />
avivar a Esperança.<br />
É parceria harmônica e trabalho intenso mobilizando pessoas em torno do Bem comum.<br />
É o Amor em ação, espontâneo, beneficiando quem faz e quem recebe.<br />
Acreditamos que esta é uma das mais efetivas contribuições na construção de uma sociedade consciente, justa e solidária.</p>
<h2>Valores:</h2>
<ul>
<li>Temos o <strong>Compromisso</strong> de concretizar o sonho dos nossos idealizadores, de honrar nossa história e, sobretudo, de realizar nossa missão com muito <strong>Amor</strong>.</li>
<li><strong>Confiança</strong> é o principal elo de ligação entre nós e os que nos procuram. Implica respeitar as pessoas, agindo de forma ética e equilibrada. Por isso, ela está na essência das nossas iniciativas e relacionamentos.</li>
<li>Imprimimos <strong>Seriedade</strong> e buscamos <strong>Excelência</strong> em tudo o que fazemos, porque o Ser Humano é merecedor das nossas mais sublimes atitudes.</li>
</ul>
[/vc_column_text][/vc_column][/vc_row]

[vc_row][vc_column][vc_empty_space][/vc_column][/vc_row][vc_row][vc_column][vc_column_text] INSTITUCIONAL [/vc_column_text][/vc_column][/vc_row][vc_row][vc_column width=&#8221;1/2&#8243;][vc_column_text css_animation=&#8221;none&#8221;]O Instituto Popular Humberto de Campos (IPHC) atende diariamente cerca de 250 crianças em idade entre 3 e 10 anos, sendo Educação Infantil em tempo integral, e Assistência Social com Serviço de Convivência e Fortalecimento de Vínculos como via de prevenir as situações de risco social, ampliar trocas culturais e de vivências [&hellip;]
